CRAN Package Check Results for Package fastM

Last updated on 2021-12-04 22:59:33 CET.

Flavor Version Tinstall Tcheck Ttotal Status Flags
r-devel-linux-x86_64-debian-clang 0.0-4 30.46 37.34 67.80 OK
r-devel-linux-x86_64-debian-gcc 0.0-4 22.31 29.38 51.69 OK
r-devel-linux-x86_64-fedora-clang 0.0-4 98.87 NOTE
r-devel-linux-x86_64-fedora-gcc 0.0-4 77.33 OK
r-devel-windows-x86_64-new-UL 0.0-4 45.00 87.00 132.00 OK
r-devel-windows-x86_64-new-TK 0.0-4 OK
r-devel-windows-x86_64-old 0.0-4 41.00 51.00 92.00 OK
r-patched-linux-x86_64 0.0-4 27.61 28.14 55.75 OK
r-release-linux-x86_64 0.0-4 27.61 28.14 55.75 OK
r-release-macos-arm64 0.0-4 OK
r-release-macos-x86_64 0.0-4 OK
r-release-windows-ix86+x86_64 0.0-4 78.00 76.00 154.00 OK
r-oldrel-macos-x86_64 0.0-4 OK
r-oldrel-windows-ix86+x86_64 0.0-4 76.00 71.00 147.00 OK

Check Details

Version: 0.0-4
Check: Rd cross-references
Result: NOTE
    Undeclared packages ‘ICSNP’, ‘ICS’ in Rd xrefs
Flavor: r-devel-linux-x86_64-fedora-clang