CRAN Package Check Results for Package fastDummies

Last updated on 2022-06-26 13:49:42 CEST.

Flavor Version Tinstall Tcheck Ttotal Status Flags
r-devel-linux-x86_64-debian-clang 1.6.3 2.27 35.43 37.70 NOTE
r-devel-linux-x86_64-debian-gcc 1.6.3 1.98 26.82 28.80 NOTE
r-devel-linux-x86_64-fedora-clang 1.6.3 55.72 NOTE
r-devel-linux-x86_64-fedora-gcc 1.6.3 54.85 NOTE
r-devel-windows-x86_64 1.6.3 17.00 62.00 79.00 NOTE
r-patched-linux-x86_64 1.6.3 2.40 33.51 35.91 NOTE
r-release-linux-x86_64 1.6.3 2.44 33.38 35.82 NOTE
r-release-macos-arm64 1.6.3 20.00 NOTE
r-release-macos-x86_64 1.6.3 26.00 NOTE
r-release-windows-x86_64 1.6.3 25.00 64.00 89.00 NOTE
r-oldrel-macos-arm64 1.6.3 23.00 NOTE
r-oldrel-macos-x86_64 1.6.3 37.00 NOTE
r-oldrel-windows-ix86+x86_64 1.6.3 6.00 53.00 59.00 NOTE

Check Details

Version: 1.6.3
Check: LazyData
Result: NOTE
     'LazyData' is specified without a 'data' directory
Flavors: r-devel-linux-x86_64-debian-clang, r-devel-linux-x86_64-debian-gcc, r-devel-linux-x86_64-fedora-clang, r-devel-linux-x86_64-fedora-gcc, r-devel-windows-x86_64, r-patched-linux-x86_64, r-release-linux-x86_64, r-release-macos-arm64, r-release-macos-x86_64, r-release-windows-x86_64, r-oldrel-macos-arm64, r-oldrel-macos-x86_64, r-oldrel-windows-ix86+x86_64