CRAN Package Check Results for Package farver

Last updated on 2022-07-01 02:54:16 CEST.

Flavor Version Tinstall Tcheck Ttotal Status Flags
r-devel-linux-x86_64-debian-clang 2.1.0 30.42 24.68 55.10 OK
r-devel-linux-x86_64-debian-gcc 2.1.0 34.62 19.38 54.00 OK
r-devel-linux-x86_64-fedora-clang 2.1.0 92.54 OK
r-devel-linux-x86_64-fedora-gcc 2.1.0 95.40 OK
r-devel-windows-x86_64 2.1.0 67.00 58.00 125.00 OK
r-patched-linux-x86_64 2.1.0 33.86 24.10 57.96 OK
r-release-linux-x86_64 2.1.0 31.72 23.89 55.61 OK
r-release-macos-arm64 2.1.0 27.00 OK
r-release-macos-x86_64 2.1.0 34.00 OK
r-release-windows-x86_64 2.1.0 70.00 61.00 131.00 OK
r-oldrel-macos-arm64 2.1.0 38.00 NOTE
r-oldrel-macos-x86_64 2.1.0 52.00 OK
r-oldrel-windows-ix86+x86_64 2.1.0 92.00 61.00 153.00 OK

Check Details

Version: 2.1.0
Check: installed package size
Result: NOTE
     installed size is 5.6Mb
     sub-directories of 1Mb or more:
     help 1.6Mb
     libs 3.9Mb
Flavor: r-oldrel-macos-arm64