Last updated on 2023-12-06 18:52:43 CET.
Flavor | Version | Tinstall | Tcheck | Ttotal | Status | Flags |
---|---|---|---|---|---|---|
r-devel-linux-x86_64-debian-clang | 2.1.1 | 31.27 | 26.55 | 57.82 | NOTE | |
r-devel-linux-x86_64-debian-gcc | 2.1.1 | 26.39 | 20.92 | 47.31 | NOTE | |
r-devel-linux-x86_64-fedora-clang | 2.1.1 | 78.34 | NOTE | |||
r-devel-linux-x86_64-fedora-gcc | 2.1.1 | 99.48 | NOTE | |||
r-devel-windows-x86_64 | 2.1.1 | 35.00 | 56.00 | 91.00 | NOTE | |
r-patched-linux-x86_64 | 2.1.1 | 39.54 | 26.27 | 65.81 | NOTE | |
r-release-linux-x86_64 | 2.1.1 | 36.55 | 26.32 | 62.87 | NOTE | |
r-release-macos-arm64 | 2.1.1 | 29.00 | NOTE | |||
r-release-macos-x86_64 | 2.1.1 | 41.00 | NOTE | |||
r-release-windows-x86_64 | 2.1.1 | 40.00 | 59.00 | 99.00 | NOTE | |
r-oldrel-macos-arm64 | 2.1.1 | 29.00 | OK | |||
r-oldrel-macos-x86_64 | 2.1.1 | 58.00 | OK | |||
r-oldrel-windows-x86_64 | 2.1.1 | 40.00 | 55.00 | 95.00 | OK |
Version: 2.1.1
Check: C++ specification
Result: NOTE
Specified C++11: please drop specification unless essential
Flavors: r-devel-linux-x86_64-debian-clang, r-devel-linux-x86_64-debian-gcc, r-devel-linux-x86_64-fedora-clang, r-devel-linux-x86_64-fedora-gcc, r-devel-windows-x86_64, r-patched-linux-x86_64, r-release-linux-x86_64, r-release-macos-arm64, r-release-macos-x86_64, r-release-windows-x86_64
Version: 2.1.1
Check: installed package size
Result: NOTE
installed size is 5.3Mb
sub-directories of 1Mb or more:
help 1.6Mb
libs 3.7Mb
Flavor: r-release-macos-x86_64