CRAN Package Check Results for Package farrell

Last updated on 2020-08-03 20:46:51 CEST.

Flavor Version Tinstall Tcheck Ttotal Status Flags
r-devel-linux-x86_64-debian-clang 0.2.0 2.38 22.32 24.70 OK
r-devel-linux-x86_64-debian-gcc 0.2.0 1.86 17.70 19.56 OK
r-devel-linux-x86_64-fedora-clang 0.2.0 38.07 NOTE
r-devel-linux-x86_64-fedora-gcc 0.2.0 29.52 NOTE
r-devel-windows-ix86+x86_64 0.2.0 13.00 35.00 48.00 OK
r-patched-linux-x86_64 0.2.0 2.55 21.92 24.47 OK
r-patched-solaris-x86 0.2.0 46.30 NOTE
r-release-linux-x86_64 0.2.0 2.34 21.97 24.31 OK
r-release-macos-x86_64 0.2.0 NOTE
r-release-windows-ix86+x86_64 0.2.0 11.00 53.00 64.00 OK
r-oldrel-macos-x86_64 0.2.0 NOTE
r-oldrel-windows-ix86+x86_64 0.2.0 6.00 31.00 37.00 OK

Check Details

Version: 0.2.0
Check: dependencies in R code
Result: NOTE
    Namespace in Imports field not imported from: ‘rlang’
     All declared Imports should be used.
Flavors: r-devel-linux-x86_64-fedora-clang, r-devel-linux-x86_64-fedora-gcc, r-patched-solaris-x86, r-release-macos-x86_64, r-oldrel-macos-x86_64