CRAN Package Check Results for Package faq

Last updated on 2022-05-19 05:51:53 CEST.

Flavor Version Tinstall Tcheck Ttotal Status Flags
r-devel-linux-x86_64-debian-clang 0.1.1 2.23 39.98 42.21 NOTE
r-devel-linux-x86_64-debian-gcc 0.1.1 1.92 30.68 32.60 NOTE
r-devel-linux-x86_64-fedora-clang 0.1.1 51.39 NOTE
r-devel-linux-x86_64-fedora-gcc 0.1.1 49.05 NOTE
r-devel-windows-x86_64 0.1.1 7.00 62.00 69.00 NOTE
r-patched-linux-x86_64 0.1.1 2.15 37.56 39.71 NOTE
r-release-linux-x86_64 0.1.1 2.69 38.26 40.95 NOTE
r-release-macos-arm64 0.1.1 19.00 NOTE
r-release-macos-x86_64 0.1.1 25.00 NOTE
r-release-windows-x86_64 0.1.1 11.00 61.00 72.00 NOTE
r-oldrel-macos-arm64 0.1.1 22.00 NOTE
r-oldrel-macos-x86_64 0.1.1 29.00 NOTE
r-oldrel-windows-ix86+x86_64 0.1.1 6.00 45.00 51.00 NOTE

Check Details

Version: 0.1.1
Check: LazyData
Result: NOTE
     'LazyData' is specified without a 'data' directory
Flavors: r-devel-linux-x86_64-debian-clang, r-devel-linux-x86_64-debian-gcc, r-devel-linux-x86_64-fedora-clang, r-devel-linux-x86_64-fedora-gcc, r-devel-windows-x86_64, r-patched-linux-x86_64, r-release-linux-x86_64, r-release-macos-arm64, r-release-macos-x86_64, r-release-windows-x86_64, r-oldrel-macos-arm64, r-oldrel-macos-x86_64, r-oldrel-windows-ix86+x86_64