CRAN Package Check Results for Package faoutlier

Last updated on 2022-01-27 19:50:58 CET.

Flavor Version Tinstall Tcheck Ttotal Status Flags
r-devel-linux-x86_64-debian-clang 0.7.6 10.99 106.72 117.71 OK
r-devel-linux-x86_64-debian-gcc 0.7.6 9.92 80.46 90.38 OK
r-devel-linux-x86_64-fedora-clang 0.7.6 153.18 OK
r-devel-linux-x86_64-fedora-gcc 0.7.6 136.66 OK
r-devel-windows-x86_64-new-UL 0.7.6 35.00 114.00 149.00 OK
r-devel-windows-x86_64-new-TK 0.7.6 ERROR
r-patched-linux-x86_64 0.7.6 12.10 95.85 107.95 OK
r-release-linux-x86_64 0.7.6 9.18 94.98 104.16 OK
r-release-macos-arm64 0.7.6 OK
r-release-macos-x86_64 0.7.6 OK
r-release-windows-ix86+x86_64 0.7.6 25.00 115.00 140.00 OK
r-oldrel-macos-x86_64 0.7.6 OK
r-oldrel-windows-ix86+x86_64 0.7.6 25.00 115.00 140.00 OK

Check Details

Version: 0.7.6
Check: package dependencies
Result: ERROR
    Package required but not available: 'sem'
    
    See section 'The DESCRIPTION file' in the 'Writing R Extensions'
    manual.
Flavor: r-devel-windows-x86_64-new-TK