CRAN Package Check Results for Package fanplot

Last updated on 2019-07-15 22:55:00 CEST.

Flavor Version Tinstall Tcheck Ttotal Status Flags
r-devel-linux-x86_64-debian-clang 3.4.1 3.41 25.18 28.59 NOTE
r-devel-linux-x86_64-debian-gcc 3.4.1 3.06 20.62 23.68 NOTE
r-devel-linux-x86_64-fedora-clang 3.4.1 35.26 NOTE
r-devel-linux-x86_64-fedora-gcc 3.4.1 37.27 NOTE
r-devel-windows-ix86+x86_64 3.4.1 9.00 38.00 47.00 OK
r-patched-linux-x86_64 3.4.1 3.51 25.77 29.28 NOTE
r-patched-solaris-x86 3.4.1 55.80 NOTE
r-release-linux-x86_64 3.4.1 3.46 25.48 28.94 NOTE
r-release-windows-ix86+x86_64 3.4.1 6.00 54.00 60.00 OK
r-release-osx-x86_64 3.4.1 OK
r-oldrel-windows-ix86+x86_64 3.4.1 7.00 37.00 44.00 OK
r-oldrel-osx-x86_64 3.4.1 OK

Check Details

Version: 3.4.1
Check: package dependencies
Result: NOTE
    Package suggested but not available for checking: 'tsbugs'
Flavors: r-devel-linux-x86_64-debian-clang, r-devel-linux-x86_64-debian-gcc, r-devel-linux-x86_64-fedora-clang, r-devel-linux-x86_64-fedora-gcc, r-patched-linux-x86_64, r-patched-solaris-x86, r-release-linux-x86_64