CRAN Package Check Results for Package fanplot

Last updated on 2019-04-24 14:47:24 CEST.

Flavor Version Tinstall Tcheck Ttotal Status Flags
r-devel-linux-x86_64-debian-clang 3.4.1 3.47 25.77 29.24 NOTE
r-devel-linux-x86_64-debian-gcc 3.4.1 3.01 20.26 23.27 NOTE
r-devel-linux-x86_64-fedora-clang 3.4.1 35.12 NOTE
r-devel-linux-x86_64-fedora-gcc 3.4.1 34.09 NOTE
r-devel-windows-ix86+x86_64 3.4.1 9.00 40.00 49.00 OK
r-patched-linux-x86_64 3.4.1 3.56 25.80 29.36 NOTE
r-patched-solaris-x86 3.4.1 52.80 NOTE
r-release-linux-x86_64 3.4.1 2.86 24.86 27.72 NOTE
r-release-windows-ix86+x86_64 3.4.1 4.00 56.00 60.00 OK
r-release-osx-x86_64 3.4.1 OK
r-oldrel-windows-ix86+x86_64 3.4.1 6.00 95.00 101.00 OK
r-oldrel-osx-x86_64 3.4.1 OK

Check Details

Version: 3.4.1
Check: package dependencies
Result: NOTE
    Package suggested but not available for checking: 'tsbugs'
Flavors: r-devel-linux-x86_64-debian-clang, r-devel-linux-x86_64-debian-gcc, r-devel-linux-x86_64-fedora-clang, r-devel-linux-x86_64-fedora-gcc, r-patched-linux-x86_64, r-patched-solaris-x86, r-release-linux-x86_64