Last updated on 2023-12-08 19:51:35 CET.
Flavor | Version | Tinstall | Tcheck | Ttotal | Status | Flags |
---|---|---|---|---|---|---|
r-devel-linux-x86_64-debian-clang | 0.2.13 | 172.75 | 21.69 | 194.44 | OK | |
r-devel-linux-x86_64-debian-gcc | 0.2.13 | 132.91 | 17.38 | 150.29 | OK | |
r-devel-linux-x86_64-fedora-clang | 0.2.13 | 275.64 | OK | |||
r-devel-linux-x86_64-fedora-gcc | 0.2.13 | 274.33 | OK | |||
r-devel-windows-x86_64 | 0.2.13 | 99.00 | 77.00 | 176.00 | OK | |
r-patched-linux-x86_64 | 0.2.13 | 169.78 | 22.02 | 191.80 | OK | |
r-release-linux-x86_64 | 0.2.13 | 171.94 | 21.61 | 193.55 | OK | |
r-release-macos-arm64 | 0.2.13 | 62.00 | NOTE | |||
r-release-macos-x86_64 | 0.2.13 | 138.00 | NOTE | |||
r-release-windows-x86_64 | 0.2.13 | 98.00 | 84.00 | 182.00 | OK | |
r-oldrel-macos-arm64 | 0.2.13 | 65.00 | NOTE | |||
r-oldrel-macos-x86_64 | 0.2.13 | 87.00 | NOTE | |||
r-oldrel-windows-x86_64 | 0.2.13 | 102.00 | 85.00 | 187.00 | OK |
Version: 0.2.13
Check: installed package size
Result: NOTE
installed size is 8.4Mb
sub-directories of 1Mb or more:
libs 8.3Mb
Flavors: r-release-macos-arm64, r-release-macos-x86_64, r-oldrel-macos-arm64, r-oldrel-macos-x86_64