CRAN Package Check Results for Package fancycut

Last updated on 2024-02-27 00:59:16 CET.

Flavor Version Tinstall Tcheck Ttotal Status Flags
r-devel-linux-x86_64-debian-clang 0.1.2 1.72 21.96 23.68 NOTE
r-devel-linux-x86_64-debian-gcc 0.1.2 1.50 17.19 18.69 NOTE
r-devel-linux-x86_64-fedora-clang 0.1.2 31.22 NOTE
r-devel-linux-x86_64-fedora-gcc 0.1.2 29.18 NOTE
r-devel-windows-x86_64 0.1.2 2.00 39.00 41.00 NOTE
r-patched-linux-x86_64 0.1.2 1.77 22.05 23.82 NOTE
r-release-linux-x86_64 0.1.2 2.18 21.63 23.81 NOTE
r-release-macos-arm64 0.1.2 15.00 NOTE
r-release-macos-x86_64 0.1.2 21.00 NOTE
r-release-windows-x86_64 0.1.2 3.00 39.00 42.00 NOTE
r-oldrel-macos-arm64 0.1.2 15.00 NOTE
r-oldrel-windows-x86_64 0.1.2 3.00 42.00 45.00 NOTE

Check Details

Version: 0.1.2
Check: LazyData
Result: NOTE 'LazyData' is specified without a 'data' directory Flavors: r-devel-linux-x86_64-debian-clang, r-devel-linux-x86_64-debian-gcc, r-devel-linux-x86_64-fedora-clang, r-devel-linux-x86_64-fedora-gcc, r-devel-windows-x86_64, r-patched-linux-x86_64, r-release-linux-x86_64, r-release-macos-arm64, r-release-macos-x86_64, r-release-windows-x86_64, r-oldrel-macos-arm64, r-oldrel-windows-x86_64