CRAN Package Check Results for Package fancycut

Last updated on 2024-07-17 23:53:13 CEST.

Flavor Version Tinstall Tcheck Ttotal Status Flags
r-devel-linux-x86_64-debian-clang 0.1.2 1.95 22.60 24.55 NOTE
r-devel-linux-x86_64-debian-gcc 0.1.2 1.39 17.58 18.97 NOTE
r-devel-linux-x86_64-fedora-clang 0.1.2 31.16 NOTE
r-devel-linux-x86_64-fedora-gcc 0.1.2 30.34 NOTE
r-devel-windows-x86_64 0.1.2 3.00 38.00 41.00 NOTE
r-patched-linux-x86_64 0.1.2 1.80 21.99 23.79 NOTE
r-release-linux-x86_64 0.1.2 1.60 21.33 22.93 NOTE
r-release-macos-arm64 0.1.2 14.00 NOTE
r-release-macos-x86_64 0.1.2 22.00 NOTE
r-release-windows-x86_64 0.1.2 3.00 39.00 42.00 NOTE
r-oldrel-macos-arm64 0.1.2 15.00 NOTE
r-oldrel-macos-x86_64 0.1.2 21.00 NOTE
r-oldrel-windows-x86_64 0.1.2 3.00 41.00 44.00 NOTE

Check Details

Version: 0.1.2
Check: LazyData
Result: NOTE 'LazyData' is specified without a 'data' directory Flavors: r-devel-linux-x86_64-debian-clang, r-devel-linux-x86_64-debian-gcc, r-devel-linux-x86_64-fedora-clang, r-devel-linux-x86_64-fedora-gcc, r-devel-windows-x86_64, r-patched-linux-x86_64, r-release-linux-x86_64, r-release-macos-arm64, r-release-macos-x86_64, r-release-windows-x86_64, r-oldrel-macos-arm64, r-oldrel-macos-x86_64, r-oldrel-windows-x86_64