CRAN Package Check Results for Package famSKATRC

Last updated on 2019-08-19 20:46:14 CEST.

Flavor Version Tinstall Tcheck Ttotal Status Flags
r-devel-linux-x86_64-debian-clang 1.1.0 8.13 59.30 67.43 OK
r-devel-linux-x86_64-debian-gcc 1.1.0 6.58 46.66 53.24 OK
r-devel-linux-x86_64-fedora-clang 1.1.0 81.03 OK
r-devel-linux-x86_64-fedora-gcc 1.1.0 81.40 OK
r-devel-windows-ix86+x86_64 1.1.0 21.00 102.00 123.00 OK
r-patched-linux-x86_64 1.1.0 7.97 57.84 65.81 NOTE
r-patched-solaris-x86 1.1.0 128.30 OK
r-release-linux-x86_64 1.1.0 6.18 57.95 64.13 NOTE
r-release-windows-ix86+x86_64 1.1.0 13.00 67.00 80.00 OK
r-release-osx-x86_64 1.1.0 OK
r-oldrel-windows-ix86+x86_64 1.1.0 11.00 93.00 104.00 OK
r-oldrel-osx-x86_64 1.1.0 WARN

Check Details

Version: 1.1.0
Check: DESCRIPTION meta-information
Result: NOTE
    Dependence on R version ‘3.4.1’ not with patchlevel 0
Flavors: r-patched-linux-x86_64, r-release-linux-x86_64

Version: 1.1.0
Check: examples
Result: WARN
    Found the following significant warnings:
    
     Warning: 'rBind' is deprecated.
    Deprecated functions may be defunct as soon as of the next release of
    R.
    See ?Deprecated.
Flavor: r-oldrel-osx-x86_64