CRAN Package Check Results for Package famSKATRC

Last updated on 2019-04-24 16:53:00 CEST.

Flavor Version Tinstall Tcheck Ttotal Status Flags
r-devel-linux-x86_64-debian-clang 1.1.0 7.22 59.80 67.02 OK
r-devel-linux-x86_64-debian-gcc 1.1.0 5.85 47.00 52.85 OK
r-devel-linux-x86_64-fedora-clang 1.1.0 78.97 OK
r-devel-linux-x86_64-fedora-gcc 1.1.0 76.03 OK
r-devel-windows-ix86+x86_64 1.1.0 19.00 73.00 92.00 OK
r-patched-linux-x86_64 1.1.0 7.03 59.36 66.39 NOTE
r-patched-solaris-x86 1.1.0 123.40 OK
r-release-linux-x86_64 1.1.0 4.66 58.63 63.29 NOTE
r-release-windows-ix86+x86_64 1.1.0 7.00 91.00 98.00 OK
r-release-osx-x86_64 1.1.0 WARN
r-oldrel-windows-ix86+x86_64 1.1.0 8.00 95.00 103.00 OK
r-oldrel-osx-x86_64 1.1.0 OK

Check Details

Version: 1.1.0
Check: DESCRIPTION meta-information
Result: NOTE
    Dependence on R version ‘3.4.1’ not with patchlevel 0
Flavors: r-patched-linux-x86_64, r-release-linux-x86_64

Version: 1.1.0
Check: examples
Result: WARN
    Found the following significant warnings:
    
     Warning: 'rBind' is deprecated.
    Deprecated functions may be defunct as soon as of the next release of
    R.
    See ?Deprecated.
Flavor: r-release-osx-x86_64