CRAN Package Check Results for Package famSKATRC

Last updated on 2019-02-19 19:47:26 CET.

Flavor Version Tinstall Tcheck Ttotal Status Flags
r-devel-linux-x86_64-debian-clang 1.1.0 4.88 60.49 65.37 NOTE
r-devel-linux-x86_64-debian-gcc 1.1.0 3.97 46.38 50.35 NOTE
r-devel-linux-x86_64-fedora-clang 1.1.0 80.19 NOTE
r-devel-linux-x86_64-fedora-gcc 1.1.0 73.74 NOTE
r-devel-windows-ix86+x86_64 1.1.0 15.00 66.00 81.00 OK
r-patched-linux-x86_64 1.1.0 4.79 57.08 61.87 NOTE
r-patched-solaris-x86 1.1.0 121.50 OK
r-release-linux-x86_64 1.1.0 3.82 55.73 59.55 NOTE
r-release-windows-ix86+x86_64 1.1.0 8.00 93.00 101.00 OK
r-release-osx-x86_64 1.1.0 WARN
r-oldrel-windows-ix86+x86_64 1.1.0 11.00 93.00 104.00 OK
r-oldrel-osx-x86_64 1.1.0 OK

Check Details

Version: 1.1.0
Check: DESCRIPTION meta-information
Result: NOTE
    Dependence on R version ‘3.4.1’ not with patchlevel 0
Flavors: r-devel-linux-x86_64-debian-clang, r-devel-linux-x86_64-debian-gcc, r-devel-linux-x86_64-fedora-clang, r-devel-linux-x86_64-fedora-gcc, r-patched-linux-x86_64, r-release-linux-x86_64

Version: 1.1.0
Check: examples
Result: WARN
    Found the following significant warnings:
    
     Warning: 'rBind' is deprecated.
    Deprecated functions may be defunct as soon as of the next release of
    R.
    See ?Deprecated.
Flavor: r-release-osx-x86_64