CRAN Package Check Results for Package factorstochvol

Last updated on 2020-07-11 09:48:54 CEST.

Flavor Version Tinstall Tcheck Ttotal Status Flags
r-devel-linux-x86_64-debian-clang 0.9.3 100.96 81.87 182.83 OK
r-devel-linux-x86_64-debian-gcc 0.9.3 80.69 60.63 141.32 OK
r-devel-linux-x86_64-fedora-gcc 0.9.3 236.32 OK
r-devel-windows-ix86+x86_64 0.9.3 245.00 169.00 414.00 OK
r-patched-linux-x86_64 0.9.3 90.56 79.16 169.72 OK
r-patched-solaris-x86 0.9.3 221.50 OK
r-release-linux-x86_64 0.9.3 90.14 78.91 169.05 OK
r-release-osx-x86_64 0.9.3 NOTE
r-release-windows-ix86+x86_64 0.9.3 195.00 174.00 369.00 OK
r-oldrel-osx-x86_64 0.9.3 NOTE
r-oldrel-windows-ix86+x86_64 0.9.3 227.00 123.00 350.00 OK

Check Details

Version: 0.9.3
Check: installed package size
Result: NOTE
     installed size is 6.6Mb
     sub-directories of 1Mb or more:
     doc 1.6Mb
     libs 4.7Mb
Flavors: r-release-osx-x86_64, r-oldrel-osx-x86_64