CRAN Package Check Results for Package factorcpt

Last updated on 2020-04-01 12:47:17 CEST.

Flavor Version Tinstall Tcheck Ttotal Status Flags
r-devel-linux-x86_64-debian-clang 0.1.2 29.50 44.85 74.35 OK
r-devel-linux-x86_64-debian-gcc 0.1.2 20.61 34.80 55.41 OK
r-devel-linux-x86_64-fedora-clang 0.1.2 94.69 NOTE
r-devel-linux-x86_64-fedora-gcc 0.1.2 91.48 NOTE
r-devel-windows-ix86+x86_64 0.1.2 52.00 127.00 179.00 OK
r-devel-windows-ix86+x86_64-gcc8 0.1.2 51.00 126.00 177.00 OK
r-patched-linux-x86_64 0.1.2 26.26 43.86 70.12 OK
r-patched-solaris-x86 0.1.2 211.80 OK
r-release-linux-x86_64 0.1.2 24.27 39.75 64.02 OK
r-release-windows-ix86+x86_64 0.1.2 57.00 165.00 222.00 OK
r-release-osx-x86_64 0.1.2 OK
r-oldrel-windows-ix86+x86_64 0.1.2 60.00 163.00 223.00 OK
r-oldrel-osx-x86_64 0.1.2 OK

Check Details

Version: 0.1.2
Check: compiled code
Result: NOTE
    File ‘factorcpt/libs/factorcpt.so’:
     Found no calls to: ‘R_registerRoutines’, ‘R_useDynamicSymbols’
    
    It is good practice to register native routines and to disable symbol
    search.
    
    See ‘Writing portable packages’ in the ‘Writing R Extensions’ manual.
Flavors: r-devel-linux-x86_64-fedora-clang, r-devel-linux-x86_64-fedora-gcc