CRAN Package Check Results for Package factorcpt

Last updated on 2019-04-25 00:47:25 CEST.

Flavor Version Tinstall Tcheck Ttotal Status Flags
r-devel-linux-x86_64-debian-clang 0.1.2 24.27 40.83 65.10 OK
r-devel-linux-x86_64-debian-gcc 0.1.2 18.97 32.28 51.25 OK
r-devel-linux-x86_64-fedora-clang 0.1.2 89.49 NOTE
r-devel-linux-x86_64-fedora-gcc 0.1.2 79.55 NOTE
r-devel-windows-ix86+x86_64 0.1.2 66.00 122.00 188.00 OK
r-patched-linux-x86_64 0.1.2 22.14 41.27 63.41 OK
r-patched-solaris-x86 0.1.2 199.40 OK
r-release-linux-x86_64 0.1.2 21.78 40.03 61.81 OK
r-release-windows-ix86+x86_64 0.1.2 36.00 168.00 204.00 OK
r-release-osx-x86_64 0.1.2 OK
r-oldrel-windows-ix86+x86_64 0.1.2 42.00 103.00 145.00 OK
r-oldrel-osx-x86_64 0.1.2 OK

Check Details

Version: 0.1.2
Check: compiled code
Result: NOTE
    File ‘factorcpt/libs/factorcpt.so’:
     Found no calls to: ‘R_registerRoutines’, ‘R_useDynamicSymbols’
    
    It is good practice to register native routines and to disable symbol
    search.
    
    See ‘Writing portable packages’ in the ‘Writing R Extensions’ manual.
Flavors: r-devel-linux-x86_64-fedora-clang, r-devel-linux-x86_64-fedora-gcc