CRAN Package Check Results for Package factorcpt

Last updated on 2019-02-19 03:48:01 CET.

Flavor Version Tinstall Tcheck Ttotal Status Flags
r-devel-linux-x86_64-debian-clang 0.1.2 23.92 41.39 65.31 OK
r-devel-linux-x86_64-debian-gcc 0.1.2 17.86 32.60 50.46 OK
r-devel-linux-x86_64-fedora-clang 0.1.2 85.58 NOTE
r-devel-linux-x86_64-fedora-gcc 0.1.2 80.57 NOTE
r-devel-windows-ix86+x86_64 0.1.2 58.00 123.00 181.00 OK
r-patched-linux-x86_64 0.1.2 20.10 39.25 59.35 OK
r-patched-solaris-x86 0.1.2 186.80 OK
r-release-linux-x86_64 0.1.2 21.88 38.52 60.40 OK
r-release-windows-ix86+x86_64 0.1.2 39.00 156.00 195.00 OK
r-release-osx-x86_64 0.1.2 OK
r-oldrel-windows-ix86+x86_64 0.1.2 57.00 153.00 210.00 OK
r-oldrel-osx-x86_64 0.1.2 OK

Check Details

Version: 0.1.2
Check: compiled code
Result: NOTE
    File ‘factorcpt/libs/factorcpt.so’:
     Found no calls to: ‘R_registerRoutines’, ‘R_useDynamicSymbols’
    
    It is good practice to register native routines and to disable symbol
    search.
    
    See ‘Writing portable packages’ in the ‘Writing R Extensions’ manual.
Flavors: r-devel-linux-x86_64-fedora-clang, r-devel-linux-x86_64-fedora-gcc