Last updated on 2025-01-18 23:48:23 CET.
Flavor | Version | Tinstall | Tcheck | Ttotal | Status | Flags |
---|---|---|---|---|---|---|
r-devel-linux-x86_64-debian-clang | 1.0.7 | 9.10 | 95.53 | 104.63 | NOTE | |
r-devel-linux-x86_64-debian-gcc | 1.0.7 | 6.08 | 62.20 | 68.28 | NOTE | |
r-devel-linux-x86_64-fedora-clang | 1.0.7 | 166.89 | NOTE | |||
r-devel-linux-x86_64-fedora-gcc | 1.0.7 | 157.14 | NOTE | |||
r-devel-windows-x86_64 | 1.0.7 | 12.00 | 107.00 | 119.00 | NOTE | |
r-patched-linux-x86_64 | 1.0.7 | 9.13 | 87.29 | 96.42 | NOTE | |
r-release-linux-x86_64 | 1.0.7 | 7.67 | 86.52 | 94.19 | NOTE | |
r-release-macos-arm64 | 1.0.7 | 44.00 | NOTE | |||
r-release-macos-x86_64 | 1.0.7 | 66.00 | NOTE | |||
r-release-windows-x86_64 | 1.0.7 | 11.00 | 110.00 | 121.00 | NOTE | |
r-oldrel-macos-arm64 | 1.0.7 | 50.00 | OK | |||
r-oldrel-macos-x86_64 | 1.0.7 | 73.00 | OK | |||
r-oldrel-windows-x86_64 | 1.0.7 | 13.00 | 127.00 | 140.00 | OK |
Version: 1.0.7
Check: Rd files
Result: NOTE
checkRd: (-1) fviz_nbclust.Rd:75: Lost braces; missing escapes or markup?
75 | (2001) proposed: "the smallest k such that gap(k) >= gap(k+1) - s_{k+1}".
| ^
checkRd: (-1) fviz_nbclust.Rd:77: Lost braces; missing escapes or markup?
77 | SE.factor*s_{k+1}" where SE.factor is a numeric value which can be 1
| ^
Flavors: r-devel-linux-x86_64-debian-clang, r-devel-linux-x86_64-debian-gcc, r-devel-linux-x86_64-fedora-clang, r-devel-linux-x86_64-fedora-gcc, r-devel-windows-x86_64, r-patched-linux-x86_64, r-release-linux-x86_64, r-release-macos-arm64, r-release-macos-x86_64, r-release-windows-x86_64