CRAN Package Check Results for Package fabletools

Last updated on 2020-01-25 06:51:09 CET.

Flavor Version Tinstall Tcheck Ttotal Status Flags
r-devel-linux-x86_64-debian-clang 0.1.1 15.34 102.73 118.07 ERROR
r-devel-linux-x86_64-debian-gcc 0.1.1 11.71 78.06 89.77 ERROR
r-devel-linux-x86_64-fedora-clang 0.1.1 130.08 ERROR
r-devel-linux-x86_64-fedora-gcc 0.1.1 77.71 ERROR
r-devel-windows-ix86+x86_64 0.1.1 30.00 149.00 179.00 ERROR
r-devel-windows-ix86+x86_64-gcc8 0.1.1 46.00 116.00 162.00 ERROR
r-patched-linux-x86_64 0.1.1 12.10 90.31 102.41 ERROR
r-patched-solaris-x86 0.1.1 168.90 ERROR
r-release-linux-x86_64 0.1.1 12.15 90.06 102.21 ERROR
r-release-windows-ix86+x86_64 0.1.1 21.00 104.00 125.00 ERROR
r-release-osx-x86_64 0.1.1 NOTE
r-oldrel-windows-ix86+x86_64 0.1.1 19.00 107.00 126.00 ERROR
r-oldrel-osx-x86_64 0.1.1 NOTE

Check Details

Version: 0.1.1
Check: examples
Result: ERROR
    Running examples in 'fabletools-Ex.R' failed
    The error most likely occurred in:
    
    > base::assign(".ptime", proc.time(), pos = "CheckExEnv")
    > ### Name: autoplot.dcmp_ts
    > ### Title: Decomposition plots
    > ### Aliases: autoplot.dcmp_ts
    >
    > ### ** Examples
    >
    > if (requireNamespace("feasts", quietly = TRUE)) {
    + library(feasts)
    + library(tsibbledata)
    + aus_production %>%
    + STL(Beer) %>%
    + autoplot()
    + }
    Error: A model specification is trained to a dataset using the `model()` function.
    Refer to the documentation in ?model for more details.
    <error/rlang_error>
    A model specification is trained to a dataset using the `model()` function.
    Refer to the documentation in ?model for more details.
    Backtrace:
     x
     1. \-aus_production %>% STL(Beer) %>% autoplot()
     2. +-base::withVisible(eval(quote(`_fseq`(`_lhs`)), env, env))
     3. \-base::eval(quote(`_fseq`(`_lhs`)), env, env)
     4. \-base::eval(quote(`_fseq`(`_lhs`)), env, env)
     5. \-`_fseq`(`_lhs`)
     6. \-magrittr::freduce(value, `_function_list`)
     7. \-function_list[[i]](value)
     8. \-feasts::STL(., Beer)
     9. \-fabletools::new_model_definition(...)
     10. +-fabletools:::add_class(.class$new(..., .env = .env), "mdl_defn")
     11. \-.class$new(..., .env = .env)
     12. \-.subset2(public_bind_env, "initialize")(...)
    Execution halted
Flavor: r-devel-linux-x86_64-debian-clang

Version: 0.1.1
Check: tests
Result: ERROR
     Running 'testthat.R' [21s/23s]
    Running the tests in 'tests/testthat.R' failed.
    Complete output:
     > library(testthat)
     > library(dplyr)
    
     Attaching package: 'dplyr'
    
     The following object is masked from 'package:testthat':
    
     matches
    
     The following objects are masked from 'package:stats':
    
     filter, lag
    
     The following objects are masked from 'package:base':
    
     intersect, setdiff, setequal, union
    
     >
     > test_check("fabletools")
     Loading required package: fabletools
     Error: A model specification is trained to a dataset using the `model()` function.
     Refer to the documentation in ?model for more details.
     <error/rlang_error>
     A model specification is trained to a dataset using the `model()` function.
     Refer to the documentation in ?model for more details.
     Backtrace:
     x
     1. \-testthat::test_check("fabletools")
     2. \-testthat:::test_package_dir(...)
     3. \-testthat::test_dir(...)
     4. \-testthat::source_test_setup(path, env)
     5. \-testthat::source_dir(path, "^setup.*\\.[rR]$", env = env, wrap = FALSE)
     6. \-base::lapply(files, source_file, env = env, chdir = chdir, wrap = wrap)
     7. \-testthat:::FUN(X[[i]], ...)
     8. \-base::eval(exprs, env)
     9. \-base::eval(exprs, env)
     10. \-us_deaths %>% feasts::STL(value) setup-data.R:30:0
     11. +-base::withVisible(eval(quote(`_fseq`(`_lhs`)), env, env))
     12. \-base::eval(quote(`_f
     Execution halted
Flavor: r-devel-linux-x86_64-debian-clang

Version: 0.1.1
Check: examples
Result: ERROR
    Running examples in ‘fabletools-Ex.R’ failed
    The error most likely occurred in:
    
    > base::assign(".ptime", proc.time(), pos = "CheckExEnv")
    > ### Name: autoplot.dcmp_ts
    > ### Title: Decomposition plots
    > ### Aliases: autoplot.dcmp_ts
    >
    > ### ** Examples
    >
    > if (requireNamespace("feasts", quietly = TRUE)) {
    + library(feasts)
    + library(tsibbledata)
    + aus_production %>%
    + STL(Beer) %>%
    + autoplot()
    + }
    Error: A model specification is trained to a dataset using the `model()` function.
    Refer to the documentation in ?model for more details.
    <error/rlang_error>
    A model specification is trained to a dataset using the `model()` function.
    Refer to the documentation in ?model for more details.
    Backtrace:
     █
     1. └─aus_production %>% STL(Beer) %>% autoplot()
     2. ├─base::withVisible(eval(quote(`_fseq`(`_lhs`)), env, env))
     3. └─base::eval(quote(`_fseq`(`_lhs`)), env, env)
     4. └─base::eval(quote(`_fseq`(`_lhs`)), env, env)
     5. └─`_fseq`(`_lhs`)
     6. └─magrittr::freduce(value, `_function_list`)
     7. └─function_list[[i]](value)
     8. └─feasts::STL(., Beer)
     9. └─fabletools::new_model_definition(...)
     10. ├─fabletools:::add_class(.class$new(..., .env = .env), "mdl_defn")
     11. └─.class$new(..., .env = .env)
     12. └─.subset2(public_bind
    Execution halted
Flavors: r-devel-linux-x86_64-debian-gcc, r-patched-linux-x86_64, r-release-linux-x86_64

Version: 0.1.1
Check: tests
Result: ERROR
     Running ‘testthat.R’ [15s/24s]
    Running the tests in ‘tests/testthat.R’ failed.
    Complete output:
     > library(testthat)
     > library(dplyr)
    
     Attaching package: 'dplyr'
    
     The following object is masked from 'package:testthat':
    
     matches
    
     The following objects are masked from 'package:stats':
    
     filter, lag
    
     The following objects are masked from 'package:base':
    
     intersect, setdiff, setequal, union
    
     >
     > test_check("fabletools")
     Loading required package: fabletools
     Error: A model specification is trained to a dataset using the `model()` function.
     Refer to the documentation in ?model for more details.
     <error/rlang_error>
     A model specification is trained to a dataset using the `model()` function.
     Refer to the documentation in ?model for more details.
     Backtrace:
     █
     1. └─testthat::test_check("fabletools")
     2. └─testthat:::test_package_dir(...)
     3. └─testthat::test_dir(...)
     4. └─testthat::source_test_setup(path, env)
     5. └─testthat::source_dir(path, "^setup.*\\.[rR]$", env = env, wrap = FALSE)
     6. └─base::lapply(files, source_file, env = env, chdir = chdir, wrap = wrap)
     7. └─testthat:::FUN(X[[i]], ...)
     8. └─base::eval(exprs, env)
     9. └─base::eval(exprs, env)
     10. └─us_deaths %>% feasts::STL(value) setup-data.R:30:0
     11. ├─base::withVisible(eval(quote(`_fseq`(`_lhs`)), env, env))
    
     Execution halted
Flavor: r-devel-linux-x86_64-debian-gcc

Version: 0.1.1
Check: examples
Result: ERROR
    Running examples in ‘fabletools-Ex.R’ failed
    The error most likely occurred in:
    
    > ### Name: autoplot.dcmp_ts
    > ### Title: Decomposition plots
    > ### Aliases: autoplot.dcmp_ts
    >
    > ### ** Examples
    >
    > if (requireNamespace("feasts", quietly = TRUE)) {
    + library(feasts)
    + library(tsibbledata)
    + aus_production %>%
    + STL(Beer) %>%
    + autoplot()
    + }
    Error: A model specification is trained to a dataset using the `model()` function.
    Refer to the documentation in ?model for more details.
    Backtrace:
     █
     1. └─aus_production %>% STL(Beer) %>% autoplot()
     2. ├─base::withVisible(eval(quote(`_fseq`(`_lhs`)), env, env))
     3. └─base::eval(quote(`_fseq`(`_lhs`)), env, env)
     4. └─base::eval(quote(`_fseq`(`_lhs`)), env, env)
     5. └─`_fseq`(`_lhs`)
     6. └─magrittr::freduce(value, `_function_list`)
     7. └─function_list[[i]](value)
     8. └─feasts::STL(., Beer)
     9. └─fabletools::new_model_definition(...)
     10. ├─fabletools:::add_class(.class$new(..., .env = .env), "mdl_defn")
     11. └─.class$new(..., .env = .env)
     12. └─.subset2(public_bind_env, "initialize")(...)
    Execution halted
Flavors: r-devel-linux-x86_64-fedora-clang, r-devel-linux-x86_64-fedora-gcc

Version: 0.1.1
Check: tests
Result: ERROR
     Running ‘testthat.R’ [19s/19s]
    Running the tests in ‘tests/testthat.R’ failed.
    Complete output:
     > library(testthat)
     > library(dplyr)
    
     Attaching package: 'dplyr'
    
     The following object is masked from 'package:testthat':
    
     matches
    
     The following objects are masked from 'package:stats':
    
     filter, lag
    
     The following objects are masked from 'package:base':
    
     intersect, setdiff, setequal, union
    
     >
     > test_check("fabletools")
     Loading required package: fabletools
     Error: A model specification is trained to a dataset using the `model()` function.
     Refer to the documentation in ?model for more details.
     Backtrace:
     █
     1. └─testthat::test_check("fabletools")
     2. └─testthat:::test_package_dir(...)
     3. └─testthat::test_dir(...)
     4. └─testthat::source_test_setup(path, env)
     5. └─testthat::source_dir(path, "^setup.*\\.[rR]$", env = env, wrap = FALSE)
     6. └─base::lapply(files, source_file, env = env, chdir = chdir, wrap = wrap)
     7. └─testthat:::FUN(X[[i]], ...)
     8. └─base::eval(exprs, env)
     9. └─base::eval(exprs, env)
     10. └─us_deaths %>% feasts::STL(value) setup-data.R:30:0
     11. ├─base::withVisible(eval(quote(`_fseq`(`_lhs`)), env, env))
     12. └─base::eval(quote(`_fseq`(`_lhs`)), env, env)
     13. └─base::eval(quote(`_fseq`(`_lhs`)), env, env
     Execution halted
Flavor: r-devel-linux-x86_64-fedora-clang

Version: 0.1.1
Check: tests
Result: ERROR
     Running ‘testthat.R’ [14s/14s]
    Running the tests in ‘tests/testthat.R’ failed.
    Complete output:
     > library(testthat)
     > library(dplyr)
    
     Attaching package: 'dplyr'
    
     The following object is masked from 'package:testthat':
    
     matches
    
     The following objects are masked from 'package:stats':
    
     filter, lag
    
     The following objects are masked from 'package:base':
    
     intersect, setdiff, setequal, union
    
     >
     > test_check("fabletools")
     Loading required package: fabletools
     Error: A model specification is trained to a dataset using the `model()` function.
     Refer to the documentation in ?model for more details.
     Backtrace:
     █
     1. └─testthat::test_check("fabletools")
     2. └─testthat:::test_package_dir(...)
     3. └─testthat::test_dir(...)
     4. └─testthat::source_test_setup(path, env)
     5. └─testthat::source_dir(path, "^setup.*\\.[rR]$", env = env, wrap = FALSE)
     6. └─base::lapply(files, source_file, env = env, chdir = chdir, wrap = wrap)
     7. └─testthat:::FUN(X[[i]], ...)
     8. └─base::eval(exprs, env)
     9. └─base::eval(exprs, env)
     10. └─us_deaths %>% feasts::STL(value) setup-data.R:30:0
     11. ├─base::withVisible(eval(quote(`_fseq`(`_lhs`)), env, env))
     12. └─base::eval(quote(`_fseq`(`_lhs`)), env, env)
     13. └─base::eval(quote(`_fseq`(`_lhs`)), env, env
     Execution halted
Flavor: r-devel-linux-x86_64-fedora-gcc

Version: 0.1.1
Check: examples
Result: ERROR
    Running examples in 'fabletools-Ex.R' failed
    The error most likely occurred in:
    
    > ### Name: autoplot.dcmp_ts
    > ### Title: Decomposition plots
    > ### Aliases: autoplot.dcmp_ts
    >
    > ### ** Examples
    >
    > if (requireNamespace("feasts", quietly = TRUE)) {
    + library(feasts)
    + library(tsibbledata)
    + aus_production %>%
    + STL(Beer) %>%
    + autoplot()
    + }
    Error: A model specification is trained to a dataset using the `model()` function.
    Refer to the documentation in ?model for more details.
    <error/rlang_error>
    A model specification is trained to a dataset using the `model()` function.
    Refer to the documentation in ?model for more details.
    Backtrace:
     x
     1. \-aus_production %>% STL(Beer) %>% autoplot()
     2. +-base::withVisible(eval(quote(`_fseq`(`_lhs`)), env, env))
     3. \-base::eval(quote(`_fseq`(`_lhs`)), env, env)
     4. \-base::eval(quote(`_fseq`(`_lhs`)), env, env)
     5. \-`_fseq`(`_lhs`)
     6. \-magrittr::freduce(value, `_function_list`)
     7. \-function_list[[i]](value)
     8. \-feasts::STL(., Beer)
     9. \-fabletools::new_model_definition(...)
     10. +-fabletools:::add_class(.class$new(..., .env = .env), "mdl_defn")
     11. \-.class$new(..., .env = .env)
     12. \-.subset2(public_bind_env, "initialize")(...)
    Execution halted
Flavors: r-devel-windows-ix86+x86_64, r-devel-windows-ix86+x86_64-gcc8, r-release-windows-ix86+x86_64, r-oldrel-windows-ix86+x86_64

Version: 0.1.1
Check: tests
Result: ERROR
     Running 'testthat.R' [27s]
    Running the tests in 'tests/testthat.R' failed.
    Complete output:
     > library(testthat)
     > library(dplyr)
    
     Attaching package: 'dplyr'
    
     The following object is masked from 'package:testthat':
    
     matches
    
     The following objects are masked from 'package:stats':
    
     filter, lag
    
     The following objects are masked from 'package:base':
    
     intersect, setdiff, setequal, union
    
     >
     > test_check("fabletools")
     Loading required package: fabletools
     Error: A model specification is trained to a dataset using the `model()` function.
     Refer to the documentation in ?model for more details.
     <error/rlang_error>
     A model specification is trained to a dataset using the `model()` function.
     Refer to the documentation in ?model for more details.
     Backtrace:
     x
     1. \-testthat::test_check("fabletools")
     2. \-testthat:::test_package_dir(...)
     3. \-testthat::test_dir(...)
     4. \-testthat::source_test_setup(path, env)
     5. \-testthat::source_dir(path, "^setup.*\\.[rR]$", env = env, wrap = FALSE)
     6. \-base::lapply(files, source_file, env = env, chdir = chdir, wrap = wrap)
     7. \-testthat:::FUN(X[[i]], ...)
     8. \-base::eval(exprs, env)
     9. \-base::eval(exprs, env)
     10. \-us_deaths %>% feasts::STL(value) D:\RCompile\CRANpkg\local\4.0\fabletools.Rcheck\tests\testthat\setup-data.R:30:0
     11. +-base::withVisible(eval(quote(`_fseq`(`_lhs
     Execution halted
Flavor: r-devel-windows-ix86+x86_64

Version: 0.1.1
Check: tests
Result: ERROR
     Running 'testthat.R' [23s]
    Running the tests in 'tests/testthat.R' failed.
    Complete output:
     > library(testthat)
     > library(dplyr)
    
     Attaching package: 'dplyr'
    
     The following object is masked from 'package:testthat':
    
     matches
    
     The following objects are masked from 'package:stats':
    
     filter, lag
    
     The following objects are masked from 'package:base':
    
     intersect, setdiff, setequal, union
    
     >
     > test_check("fabletools")
     Loading required package: fabletools
     Error: A model specification is trained to a dataset using the `model()` function.
     Refer to the documentation in ?model for more details.
     <error/rlang_error>
     A model specification is trained to a dataset using the `model()` function.
     Refer to the documentation in ?model for more details.
     Backtrace:
     x
     1. \-testthat::test_check("fabletools")
     2. \-testthat:::test_package_dir(...)
     3. \-testthat::test_dir(...)
     4. \-testthat::source_test_setup(path, env)
     5. \-testthat::source_dir(path, "^setup.*\\.[rR]$", env = env, wrap = FALSE)
     6. \-base::lapply(files, source_file, env = env, chdir = chdir, wrap = wrap)
     7. \-testthat:::FUN(X[[i]], ...)
     8. \-base::eval(exprs, env)
     9. \-base::eval(exprs, env)
     10. \-us_deaths %>% feasts::STL(value) D:\RCompile\CRANpkg\local\4.0gcc8\fabletools.Rcheck\tests\testthat\setup-data.R:30:0
     11. +-base::withVisible(eval(quote(`_fseq`(`
     Execution halted
Flavor: r-devel-windows-ix86+x86_64-gcc8

Version: 0.1.1
Check: tests
Result: ERROR
     Running ‘testthat.R’ [19s/21s]
    Running the tests in ‘tests/testthat.R’ failed.
    Complete output:
     > library(testthat)
     > library(dplyr)
    
     Attaching package: 'dplyr'
    
     The following object is masked from 'package:testthat':
    
     matches
    
     The following objects are masked from 'package:stats':
    
     filter, lag
    
     The following objects are masked from 'package:base':
    
     intersect, setdiff, setequal, union
    
     >
     > test_check("fabletools")
     Loading required package: fabletools
     Error: A model specification is trained to a dataset using the `model()` function.
     Refer to the documentation in ?model for more details.
     <error/rlang_error>
     A model specification is trained to a dataset using the `model()` function.
     Refer to the documentation in ?model for more details.
     Backtrace:
     █
     1. └─testthat::test_check("fabletools")
     2. └─testthat:::test_package_dir(...)
     3. └─testthat::test_dir(...)
     4. └─testthat::source_test_setup(path, env)
     5. └─testthat::source_dir(path, "^setup.*\\.[rR]$", env = env, wrap = FALSE)
     6. └─base::lapply(files, source_file, env = env, chdir = chdir, wrap = wrap)
     7. └─testthat:::FUN(X[[i]], ...)
     8. └─base::eval(exprs, env)
     9. └─base::eval(exprs, env)
     10. └─us_deaths %>% feasts::STL(value) setup-data.R:30:0
     11. ├─base::withVisible(eval(quote(`_fseq`(`_lhs`)), env, env))
    
     Execution halted
Flavors: r-patched-linux-x86_64, r-release-linux-x86_64

Version: 0.1.1
Check: examples
Result: ERROR
    Running examples in ‘fabletools-Ex.R’ failed
    The error most likely occurred in:
    
    > ### Name: autoplot.dcmp_ts
    > ### Title: Decomposition plots
    > ### Aliases: autoplot.dcmp_ts
    >
    > ### ** Examples
    >
    > if (requireNamespace("feasts", quietly = TRUE)) {
    + library(feasts)
    + library(tsibbledata)
    + aus_production %>%
    + STL(Beer) %>%
    + autoplot()
    + }
    Error: A model specification is trained to a dataset using the `model()` function.
    Refer to the documentation in ?model for more details.
    <error/rlang_error>
    A model specification is trained to a dataset using the `model()` function.
    Refer to the documentation in ?model for more details.
    Backtrace:
     █
     1. └─aus_production %>% STL(Beer) %>% autoplot()
     2. ├─base::withVisible(eval(quote(`_fseq`(`_lhs`)), env, env))
     3. └─base::eval(quote(`_fseq`(`_lhs`)), env, env)
     4. └─base::eval(quote(`_fseq`(`_lhs`)), env, env)
     5. └─`_fseq`(`_lhs`)
     6. └─magrittr::freduce(value, `_function_list`)
     7. └─function_list[[i]](value)
     8. └─feasts::STL(., Beer)
     9. └─fabletools::new_model_definition(...)
     10. ├─fabletools:::add_class(.class$new(..., .env = .env), "mdl_defn")
     11. └─.class$new(..., .env = .env)
     12. └─.subset2(public_bind
    Execution halted
Flavor: r-patched-solaris-x86

Version: 0.1.1
Check: tests
Result: ERROR
     Running ‘testthat.R’ [30s/37s]
    Running the tests in ‘tests/testthat.R’ failed.
    Complete output:
     > library(testthat)
     > library(dplyr)
    
     Attaching package: 'dplyr'
    
     The following object is masked from 'package:testthat':
    
     matches
    
     The following objects are masked from 'package:stats':
    
     filter, lag
    
     The following objects are masked from 'package:base':
    
     intersect, setdiff, setequal, union
    
     >
     > test_check("fabletools")
     Loading required package: fabletools
     Error: A model specification is trained to a dataset using the `model()` function.
     Refer to the documentation in ?model for more details.
     <error/rlang_error>
     A model specification is trained to a dataset using the `model()` function.
     Refer to the documentation in ?model for more details.
     Backtrace:
     █
     1. └─testthat::test_check("fabletools")
     2. └─testthat:::test_package_dir(...)
     3. └─testthat::test_dir(...)
     4. └─testthat::source_test_setup(path, env)
     5. └─testthat::source_dir(path, "^setup.*\\.[rR]$", env = env, wrap = FALSE)
     6. └─base::lapply(files, source_file, env = env, chdir = chdir, wrap = wrap)
     7. └─testthat:::FUN(X[[i]], ...)
     8. └─base::eval(exprs, env)
     9. └─base::eval(exprs, env)
     10. └─us_deaths %>% feasts::STL(value) setup-data.R:30:0
     11. ├─base::withVisible(eval(quote(`_fseq`(`_lhs`)), env, env))
    
     Execution halted
Flavor: r-patched-solaris-x86

Version: 0.1.1
Check: tests
Result: ERROR
     Running 'testthat.R' [18s]
    Running the tests in 'tests/testthat.R' failed.
    Complete output:
     > library(testthat)
     > library(dplyr)
    
     Attaching package: 'dplyr'
    
     The following object is masked from 'package:testthat':
    
     matches
    
     The following objects are masked from 'package:stats':
    
     filter, lag
    
     The following objects are masked from 'package:base':
    
     intersect, setdiff, setequal, union
    
     >
     > test_check("fabletools")
     Loading required package: fabletools
     Error: A model specification is trained to a dataset using the `model()` function.
     Refer to the documentation in ?model for more details.
     <error/rlang_error>
     A model specification is trained to a dataset using the `model()` function.
     Refer to the documentation in ?model for more details.
     Backtrace:
     x
     1. \-testthat::test_check("fabletools")
     2. \-testthat:::test_package_dir(...)
     3. \-testthat::test_dir(...)
     4. \-testthat::source_test_setup(path, env)
     5. \-testthat::source_dir(path, "^setup.*\\.[rR]$", env = env, wrap = FALSE)
     6. \-base::lapply(files, source_file, env = env, chdir = chdir, wrap = wrap)
     7. \-testthat:::FUN(X[[i]], ...)
     8. \-base::eval(exprs, env)
     9. \-base::eval(exprs, env)
     10. \-us_deaths %>% feasts::STL(value) d:\RCompile\CRANpkg\local\3.6\fabletools.Rcheck\tests\testthat\setup-data.R:30:0
     11. +-base::withVisible(eval(quote(`_fseq`(`_lhs
     Execution halted
Flavor: r-release-windows-ix86+x86_64

Version: 0.1.1
Check: package dependencies
Result: NOTE
    Package suggested but not available for checking: ‘fable’
Flavors: r-release-osx-x86_64, r-oldrel-osx-x86_64

Version: 0.1.1
Check: tests
Result: ERROR
     Running 'testthat.R' [24s]
    Running the tests in 'tests/testthat.R' failed.
    Complete output:
     > library(testthat)
     > library(dplyr)
    
     Attaching package: 'dplyr'
    
     The following object is masked from 'package:testthat':
    
     matches
    
     The following objects are masked from 'package:stats':
    
     filter, lag
    
     The following objects are masked from 'package:base':
    
     intersect, setdiff, setequal, union
    
     >
     > test_check("fabletools")
     Loading required package: fabletools
     Error: A model specification is trained to a dataset using the `model()` function.
     Refer to the documentation in ?model for more details.
     <error/rlang_error>
     A model specification is trained to a dataset using the `model()` function.
     Refer to the documentation in ?model for more details.
     Backtrace:
     x
     1. \-testthat::test_check("fabletools")
     2. \-testthat:::test_package_dir(...)
     3. \-testthat::test_dir(...)
     4. \-testthat::source_test_setup(path, env)
     5. \-testthat::source_dir(path, "^setup.*\\.[rR]$", env = env, wrap = FALSE)
     6. \-base::lapply(files, source_file, env = env, chdir = chdir, wrap = wrap)
     7. \-testthat:::FUN(X[[i]], ...)
     8. \-base::eval(exprs, env)
     9. \-base::eval(exprs, env)
     10. \-us_deaths %>% feasts::STL(value) d:\RCompile\CRANpkg\local\3.5\fabletools.Rcheck\tests\testthat\setup-data.R:30:0
     11. +-base::withVisible(eval(quote(`_fseq`(`_lhs
     Execution halted
Flavor: r-oldrel-windows-ix86+x86_64