CRAN Package Check Results for Package fabletools

Last updated on 2023-03-25 07:59:33 CET.

Flavor Version Tinstall Tcheck Ttotal Status Flags
r-devel-linux-x86_64-debian-clang 0.3.2 16.46 224.21 240.67 WARN
r-devel-linux-x86_64-debian-gcc 0.3.2 14.47 166.06 180.53 WARN
r-devel-linux-x86_64-fedora-clang 0.3.2 316.08 WARN
r-devel-linux-x86_64-fedora-gcc 0.3.2 319.54 WARN
r-patched-linux-x86_64 0.3.2 24.13 216.08 240.21 OK
r-release-linux-x86_64 0.3.2 15.93 205.48 221.41 OK
r-release-macos-arm64 0.3.2 75.00 OK
r-release-macos-x86_64 0.3.2 149.00 OK
r-release-windows-x86_64 0.3.2 140.00 249.00 389.00 OK
r-oldrel-macos-arm64 0.3.2 382.00 OK
r-oldrel-macos-x86_64 0.3.2 95.00 OK
r-oldrel-windows-ix86+x86_64 0.3.2 33.00 256.00 289.00 OK

Check Details

Version: 0.3.2
Check: S3 generic/method consistency
Result: WARN
    ungroup:
     function(x, ...)
    ungroup.fbl_ts:
     function(.data, ...)
    
    ungroup:
     function(x, ...)
    ungroup.grouped_fbl:
     function(.data, ...)
    
    fortify:
     function(model, data, ...)
    fortify.fbl_ts:
     function(object, level)
    
    key_data:
     function(.data)
    key_data.mdl_df:
     function(x)
    See section ‘Generic functions and methods’ in the ‘Writing R
    Extensions’ manual.
Flavors: r-devel-linux-x86_64-debian-clang, r-devel-linux-x86_64-debian-gcc, r-devel-linux-x86_64-fedora-clang, r-devel-linux-x86_64-fedora-gcc

Version: 0.3.2
Check: Rd \usage sections
Result: NOTE
    S3 methods shown with full name in documentation object ‘aggregation-vctrs’:
     ‘vec_ptype2.agg_vec’ ‘vec_cast.agg_vec’
    
    S3 methods shown with full name in documentation object ‘dable-vctrs’:
     ‘vec_ptype2.dcmp_ts’ ‘vec_cast.dcmp_ts’
    
    S3 methods shown with full name in documentation object ‘fable-vctrs’:
     ‘vec_ptype2.fbl_ts’ ‘vec_cast.fbl_ts’
    
    S3 methods shown with full name in documentation object ‘mable-vctrs’:
     ‘vec_ptype2.mdl_df’ ‘vec_cast.mdl_df’
    
    The \usage entries for S3 methods should use the \method markup and not
    their full name.
    See chapter ‘Writing R documentation files’ in the ‘Writing R
    Extensions’ manual.
Flavors: r-devel-linux-x86_64-debian-clang, r-devel-linux-x86_64-debian-gcc, r-devel-linux-x86_64-fedora-clang, r-devel-linux-x86_64-fedora-gcc

Version: 0.3.2
Check: Rd cross-references
Result: NOTE
    Undeclared package ‘future’ in Rd xrefs
Flavor: r-devel-linux-x86_64-fedora-clang