Last updated on 2022-06-27 21:51:19 CEST.
Flavor | Version | Tinstall | Tcheck | Ttotal | Status | Flags |
---|---|---|---|---|---|---|
r-devel-linux-x86_64-debian-clang | 0.3.2 | 16.58 | 227.61 | 244.19 | OK | |
r-devel-linux-x86_64-debian-gcc | 0.3.2 | 11.50 | 165.60 | 177.10 | OK | |
r-devel-linux-x86_64-fedora-clang | 0.3.2 | 289.19 | NOTE | |||
r-devel-linux-x86_64-fedora-gcc | 0.3.2 | 288.47 | OK | |||
r-devel-windows-x86_64 | 0.3.2 | 185.00 | 251.00 | 436.00 | OK | |
r-patched-linux-x86_64 | 0.3.2 | 21.56 | 212.50 | 234.06 | OK | |
r-release-linux-x86_64 | 0.3.2 | 14.71 | 213.49 | 228.20 | OK | |
r-release-macos-arm64 | 0.3.2 | 75.00 | OK | |||
r-release-macos-x86_64 | 0.3.2 | 149.00 | OK | |||
r-release-windows-x86_64 | 0.3.2 | 189.00 | 242.00 | 431.00 | OK | |
r-oldrel-macos-arm64 | 0.3.2 | 382.00 | OK | |||
r-oldrel-macos-x86_64 | 0.3.2 | 95.00 | OK | |||
r-oldrel-windows-ix86+x86_64 | 0.3.2 | 35.00 | 255.00 | 290.00 | OK |
Version: 0.3.2
Check: Rd cross-references
Result: NOTE
Undeclared package ‘future’ in Rd xrefs
Flavor: r-devel-linux-x86_64-fedora-clang