CRAN Package Check Results for Package fabletools

Last updated on 2020-07-03 17:48:22 CEST.

Flavor Version Tinstall Tcheck Ttotal Status Flags
r-devel-linux-x86_64-debian-clang 0.2.0 12.75 179.38 192.13 OK
r-devel-linux-x86_64-debian-gcc 0.2.0 11.64 134.05 145.69 OK
r-devel-linux-x86_64-fedora-clang 0.2.0 247.68 NOTE
r-devel-linux-x86_64-fedora-gcc 0.2.0 237.63 NOTE
r-devel-windows-ix86+x86_64 0.2.0 38.00 256.00 294.00 OK
r-patched-linux-x86_64 0.2.0 13.28 176.50 189.78 OK
r-patched-solaris-x86 0.2.0 280.00 NOTE
r-release-linux-x86_64 0.2.0 14.17 175.82 189.99 OK
r-release-osx-x86_64 0.2.0 NOTE
r-release-windows-ix86+x86_64 0.2.0 25.00 221.00 246.00 OK
r-oldrel-osx-x86_64 0.2.0 NOTE
r-oldrel-windows-ix86+x86_64 0.2.0 31.00 234.00 265.00 OK

Check Details

Version: 0.2.0
Check: dependencies in R code
Result: NOTE
    Namespace in Imports field not imported from: ‘lifecycle’
     All declared Imports should be used.
Flavors: r-devel-linux-x86_64-fedora-clang, r-devel-linux-x86_64-fedora-gcc, r-patched-solaris-x86, r-release-osx-x86_64, r-oldrel-osx-x86_64

Version: 0.2.0
Check: Rd cross-references
Result: NOTE
    Undeclared package ‘future’ in Rd xrefs
Flavor: r-devel-linux-x86_64-fedora-clang