CRAN Package Check Results for Package fabletools

Last updated on 2021-04-14 11:52:13 CEST.

Flavor Version Tinstall Tcheck Ttotal Status Flags
r-devel-linux-x86_64-debian-clang 0.3.1 13.89 197.63 211.52 NOTE
r-devel-linux-x86_64-debian-gcc 0.3.1 11.95 142.84 154.79 NOTE
r-devel-linux-x86_64-fedora-clang 0.3.1 259.02 NOTE
r-devel-linux-x86_64-fedora-gcc 0.3.1 257.30 NOTE
r-devel-windows-ix86+x86_64 0.3.1 29.00 226.00 255.00 NOTE
r-devel-windows-x86_64-gcc10-UCRT 0.3.1 NOTE
r-patched-linux-x86_64 0.3.1 15.02 184.07 199.09 OK
r-patched-solaris-x86 0.3.1 303.40 OK
r-release-linux-x86_64 0.3.1 11.93 189.02 200.95 OK
r-release-macos-x86_64 0.3.1 OK
r-release-windows-ix86+x86_64 0.3.1 31.00 233.00 264.00 OK
r-oldrel-macos-x86_64 0.3.1 OK
r-oldrel-windows-ix86+x86_64 0.3.1 20.00 163.00 183.00 OK

Check Details

Version: 0.3.1
Check: LazyData
Result: NOTE
     'LazyData' is specified without a 'data' directory
Flavors: r-devel-linux-x86_64-debian-clang, r-devel-linux-x86_64-debian-gcc, r-devel-linux-x86_64-fedora-clang, r-devel-linux-x86_64-fedora-gcc, r-devel-windows-ix86+x86_64, r-devel-windows-x86_64-gcc10-UCRT

Version: 0.3.1
Check: Rd cross-references
Result: NOTE
    Undeclared package ‘future’ in Rd xrefs
Flavor: r-devel-linux-x86_64-fedora-clang