CRAN Package Check Results for Package fPortfolio

Last updated on 2022-05-23 19:50:59 CEST.

Flavor Version Tinstall Tcheck Ttotal Status Flags
r-devel-linux-x86_64-debian-clang 3042.83.1 29.81 184.34 214.15 NOTE
r-devel-linux-x86_64-debian-gcc 3042.83.1 18.90 134.21 153.11 NOTE
r-devel-linux-x86_64-fedora-clang 3042.83.1 240.27 NOTE
r-devel-linux-x86_64-fedora-gcc 3042.83.1 231.86 NOTE
r-devel-windows-x86_64 3042.83.1 132.00 179.00 311.00 NOTE
r-patched-linux-x86_64 3042.83.1 21.71 170.95 192.66 NOTE
r-release-linux-x86_64 3042.83.1 NOTE
r-release-macos-arm64 3042.83.1 55.00 NOTE
r-release-macos-x86_64 3042.83.1 104.00 NOTE
r-release-windows-x86_64 3042.83.1 196.00 173.00 369.00 NOTE
r-oldrel-macos-arm64 3042.83.1 74.00 NOTE
r-oldrel-macos-x86_64 3042.83.1 91.00 NOTE
r-oldrel-windows-ix86+x86_64 3042.83.1 49.00 174.00 223.00 NOTE

Check Details

Version: 3042.83.1
Check: package dependencies
Result: NOTE
    Packages suggested but not available for checking:
     'Rsocp', 'Rnlminb2', 'Rdonlp2'
Flavors: r-devel-linux-x86_64-debian-clang, r-devel-linux-x86_64-debian-gcc, r-devel-linux-x86_64-fedora-clang, r-devel-linux-x86_64-fedora-gcc, r-devel-windows-x86_64, r-patched-linux-x86_64, r-release-linux-x86_64, r-release-macos-arm64, r-release-macos-x86_64, r-release-windows-x86_64, r-oldrel-macos-x86_64, r-oldrel-windows-ix86+x86_64

Version: 3042.83.1
Check: package dependencies
Result: NOTE
    Packages suggested but not available for checking:
     'Rsocp', 'Rnlminb2', 'Rdonlp2', 'Rsymphony'
Flavor: r-oldrel-macos-arm64