CRAN Package Check Results for Package fICA

Last updated on 2021-11-26 23:50:00 CET.

Flavor Version Tinstall Tcheck Ttotal Status Flags
r-devel-linux-x86_64-debian-clang 1.1-1 43.27 32.11 75.38 OK
r-devel-linux-x86_64-debian-gcc 1.1-1 26.03 24.95 50.98 OK
r-devel-linux-x86_64-fedora-clang 1.1-1 120.90 OK
r-devel-linux-x86_64-fedora-gcc 1.1-1 88.42 OK
r-devel-windows-x86_64-new-UL 1.1-1 51.00 92.00 143.00 OK
r-devel-windows-x86_64-new-TK 1.1-1 OK
r-devel-windows-x86_64-old 1.1-1 33.00 65.00 98.00 OK
r-patched-linux-x86_64 1.1-1 29.86 30.87 60.73 OK
r-patched-solaris-x86 1.1-1 99.40 OK
r-release-linux-x86_64 1.1-1 OK
r-release-macos-arm64 1.1-1 NOTE
r-release-macos-x86_64 1.1-1 OK
r-release-windows-ix86+x86_64 1.1-1 85.00 57.00 142.00 OK
r-oldrel-macos-x86_64 1.1-1 OK
r-oldrel-windows-ix86+x86_64 1.1-1 63.00 76.00 139.00 OK

Check Details

Version: 1.1-1
Check: installed package size
Result: NOTE
     installed size is 5.5Mb
     sub-directories of 1Mb or more:
     libs 5.3Mb
Flavor: r-release-macos-arm64