Last updated on 2023-06-06 17:00:44 CEST.
Flavor | Version | Tinstall | Tcheck | Ttotal | Status | Flags |
---|---|---|---|---|---|---|
r-devel-linux-x86_64-debian-clang | 1.1.0 | 44.87 | 134.04 | 178.91 | OK | |
r-devel-linux-x86_64-debian-gcc | 1.1.0 | 36.15 | 99.72 | 135.87 | OK | |
r-devel-linux-x86_64-fedora-clang | 1.1.0 | 235.20 | NOTE | |||
r-devel-linux-x86_64-fedora-gcc | 1.1.0 | 236.62 | OK | |||
r-devel-windows-x86_64 | 1.1.0 | 42.00 | 159.00 | 201.00 | NOTE | |
r-patched-linux-x86_64 | 1.1.0 | 41.06 | 129.06 | 170.12 | OK | |
r-release-linux-x86_64 | 1.1.0 | 38.05 | 127.49 | 165.54 | OK | |
r-release-macos-arm64 | 1.1.0 | 86.00 | NOTE | |||
r-release-macos-x86_64 | 1.1.0 | 130.00 | NOTE | |||
r-release-windows-x86_64 | 1.1.0 | 52.00 | 187.00 | 239.00 | NOTE | |
r-oldrel-macos-arm64 | 1.1.0 | 81.00 | NOTE | |||
r-oldrel-macos-x86_64 | 1.1.0 | 100.00 | NOTE | |||
r-oldrel-windows-x86_64 | 1.1.0 | 49.00 | 168.00 | 217.00 | NOTE |
Version: 1.1.0
Check: installed package size
Result: NOTE
installed size is 6.5Mb
sub-directories of 1Mb or more:
data 1.9Mb
extdata 2.8Mb
Flavors: r-devel-linux-x86_64-fedora-clang, r-devel-windows-x86_64, r-release-macos-arm64, r-release-macos-x86_64, r-release-windows-x86_64, r-oldrel-macos-arm64, r-oldrel-macos-x86_64, r-oldrel-windows-x86_64