Last updated on 2022-06-25 18:51:03 CEST.
Flavor | Version | Tinstall | Tcheck | Ttotal | Status | Flags |
---|---|---|---|---|---|---|
r-devel-linux-x86_64-debian-clang | 1.0.2 | 38.33 | 87.15 | 125.48 | OK | |
r-devel-linux-x86_64-debian-gcc | 1.0.2 | 28.16 | 64.26 | 92.42 | OK | |
r-devel-linux-x86_64-fedora-clang | 1.0.2 | 165.26 | OK | |||
r-devel-linux-x86_64-fedora-gcc | 1.0.2 | 153.93 | OK | |||
r-devel-windows-x86_64 | 1.0.2 | 78.00 | 150.00 | 228.00 | OK | |
r-patched-linux-x86_64 | 1.0.2 | 28.39 | 83.84 | 112.23 | OK | |
r-release-linux-x86_64 | 1.0.2 | 30.20 | 82.91 | 113.11 | OK | |
r-release-macos-arm64 | 1.0.2 | 52.00 | OK | |||
r-release-macos-x86_64 | 1.0.2 | 75.00 | OK | |||
r-release-windows-x86_64 | 1.0.2 | 81.00 | 155.00 | 236.00 | OK | |
r-oldrel-macos-arm64 | 1.0.2 | 59.00 | OK | |||
r-oldrel-macos-x86_64 | 1.0.2 | 69.00 | OK | |||
r-oldrel-windows-ix86+x86_64 | 1.0.2 | 83.00 | 167.00 | 250.00 | NOTE |
Version: 1.0.2
Check: installed package size
Result: NOTE
installed size is 5.3Mb
sub-directories of 1Mb or more:
extdata 1.1Mb
libs 2.2Mb
Flavor: r-oldrel-windows-ix86+x86_64