CRAN Package Check Results for Package f1dataR

Last updated on 2024-04-14 16:54:47 CEST.

Flavor Version Tinstall Tcheck Ttotal Status Flags
r-devel-linux-x86_64-debian-clang 1.5.1 8.72 150.59 159.31 OK
r-devel-linux-x86_64-debian-gcc 1.5.1 7.26 108.71 115.97 OK
r-devel-linux-x86_64-fedora-clang 1.5.1 210.64 OK
r-devel-linux-x86_64-fedora-gcc 1.5.1 235.71 OK
r-devel-windows-x86_64 1.5.1 11.00 230.00 241.00 OK
r-patched-linux-x86_64 1.5.1 8.58 143.86 152.44 OK
r-release-linux-x86_64 1.5.1 7.67 158.29 165.96 ERROR
r-release-macos-arm64 1.5.1 118.00 OK
r-release-macos-x86_64 1.5.1 224.00 OK
r-release-windows-x86_64 1.5.1 12.00 202.00 214.00 OK
r-oldrel-macos-arm64 1.5.1 90.00 OK
r-oldrel-windows-x86_64 1.5.1 13.00 218.00 231.00 OK

Check Details

Version: 1.5.1
Check: tests
Result: ERROR Running ‘testthat.R’ [1m/80m] Running the tests in ‘tests/testthat.R’ failed. Complete output: > # This file is part of the standard setup for testthat. > # It is recommended that you do not modify it. > # > # Where should you do additional test configuration? > # Learn more about the roles of various files in: > # * https://r-pkgs.org/tests.html > # * https://testthat.r-lib.org/reference/test_package.html#special-files > > library(testthat) > library(f1dataR) Loading required package: reticulate > > test_check("f1dataR") Waiting 5s for retry backoff =====>------------------------- Waiting 5s for retry backoff ======>------------------------ Waiting 5s for retry backoff ========================>------ Waiting 5s for retry backoff ==============================> Waiting 5s for retry backoff =====>------------------------- Waiting 5s for retry backoff ==========>-------------------- Waiting 5s for retry backoff ============================>-- Waiting 5s for retry backoff ==============================> Waiting 5s for retry backoff =====>------------------------- Waiting 5s for retry backoff ===============>--------------- Waiting 5s for retry backoff =============================>- Waiting 5s for retry backoff =====>------------------------- Waiting 5s for retry backoff ===================>----------- Waiting 5s for retry backoff =============================>- ! Failure at Ergast with https:// connection. Retrying as http://. Waiting 5s for retry backoff =====>------------------------- Waiting 5s for retry backoff ======================>-------- Waiting 5s for retry backoff ==============================> Waiting 5s for retry backoff =====>------------------------- Waiting 5s for retry backoff =========>--------------------- Waiting 5s for retry backoff ===========================>--- Waiting 5s for retry backoff ==============================> Waiting 5s for retry backoff ======>------------------------ Waiting 5s for retry backoff ==============>---------------- Waiting 5s for retry backoff ==============================> Waiting 5s for retry backoff =====>------------------------- Waiting 5s for retry backoff ===================>----------- Waiting 5s for retry backoff =============================>- x Error getting Ergast data, http status code 503. Service Unavailable Waiting 5s for retry backoff =====>------------------------- Waiting 5s for retry backoff ===============>--------------- Waiting 5s for retry backoff ==============================> Waiting 5s for retry backoff =====>------------------------- Waiting 5s for retry backoff ====================>---------- Waiting 5s for retry backoff ==============================> Waiting 5s for retry backoff =====>------------------------- Waiting 5s for retry backoff ========================>------ Waiting 5s for retry backoff ==============================> Waiting 5s for retry backoff =====>------------------------- Waiting 5s for retry backoff ==========>-------------------- Waiting 5s for retry backoff ============================>-- Waiting 5s for retry backoff ==============================> ! Failure at Ergast with https:// connection. Retrying as http://. Waiting 5s for retry backoff ======>------------------------ Waiting 5s for retry backoff ============>------------------ Waiting 5s for retry backoff ==============================> Waiting 5s for retry backoff =====>------------------------- Waiting 5s for retry backoff ==================>------------ Waiting 5s for retry backoff =============================>- Waiting 5s for retry backoff =====>------------------------- Waiting 5s for retry backoff =======================>------- Waiting 5s for retry backoff =============================>- Waiting 5s for retry backoff =====>------------------------- Waiting 5s for retry backoff ==========>-------------------- Waiting 5s for retry backoff ============================>-- Waiting 5s for retry backoff ==============================> x Error getting Ergast data, http status code 503. Service Unavailable Waiting 5s for retry backoff =====>------------------------- Waiting 5s for retry backoff ====================>---------- Waiting 5s for retry backoff =============================>- Waiting 5s for retry backoff =====>------------------------- Waiting 5s for retry backoff ========================>------ Waiting 5s for retry backoff =============================>- Waiting 5s for retry backoff =====>------------------------- Waiting 5s for retry backoff ==========>-------------------- Waiting 5s for retry backoff ============================>-- Waiting 5s for retry backoff ==============================> Waiting 5s for retry backoff =====>------------------------- Waiting 5s for retry backoff ==============>---------------- Waiting 5s for retry backoff =============================>- ! Failure at Ergast with https:// connection. Retrying as http://. Waiting 5s for retry backoff =====>------------------------- Waiting 5s for retry backoff ==================>------------ Waiting 5s for retry backoff ==============================> Waiting 5s for retry backoff =====>------------------------- Waiting 5s for retry backoff =======================>------- Waiting 5s for retry backoff =============================>- Waiting 5s for retry backoff ==========>-------------------- Waiting 5s for retry backoff ============================>-- Waiting 5s for retry backoff ==============================> Waiting 5s for retry backoff ======>------------------------ Waiting 5s for retry backoff =========>--------------------- Waiting 5s for retry backoff ============================>-- Waiting 5s for retry backoff ==============================> x Error getting Ergast data, http status code 503. Service Unavailable Waiting 5s for retry backoff =====>------------------------- Waiting 5s for retry backoff ============>------------------ Waiting 5s for retry backoff =============================>- Waiting 5s for retry backoff =====>------------------------- Waiting 5s for retry backoff ===============>--------------- Waiting 5s for retry backoff =============================>- Waiting 5s for retry backoff =====>------------------------- Waiting 5s for retry backoff ====================>---------- Waiting 5s for retry backoff ==============================> Waiting 5s for retry backoff =====>------------------------- Waiting 5s for retry backoff =======================>------- Waiting 5s for retry backoff =============================>- ! Failure at Ergast with https:// connection. Retrying as http://. Waiting 5s for retry backoff =====>------------------------- Waiting 5s for retry backoff =========>--------------------- Waiting 5s for retry backoff ===========================>--- Waiting 5s for retry backoff ==============================> Waiting 5s for retry backoff =====>------------------------- Waiting 5s for retry backoff ==============>---------------- Waiting 5s for retry backoff =============================>- Waiting 5s for retry backoff =====>------------------------- Waiting 5s for retry backoff ===================>----------- Waiting 5s for retry backoff =============================>- x Error getting Ergast data, http status code 504. Gateway Timeout Waiting 5s for retry backoff =====>------------------------- Waiting 5s for retry backoff ====================>---------- Waiting 5s for retry backoff =============================>- Waiting 5s for retry backoff =====>------------------------- Waiting 5s for retry backoff ======>------------------------ Waiting 5s for retry backoff =========================>----- Waiting 5s for retry backoff ==============================> Waiting 5s for retry backoff =====>------------------------- Waiting 5s for retry backoff ==============>---------------- Waiting 5s for retry backoff =============================>- Waiting 5s for retry backoff =====>------------------------- Waiting 5s for retry backoff =================>------------- Waiting 5s for retry backoff =============================>- Waiting 5s for retry backoff =====>------------------------- Waiting 5s for retry backoff ==================>------------ Waiting 5s for retry backoff =============================>- Waiting 5s for retry backoff =====>------------------------- Waiting 5s for retry backoff =======================>------- Waiting 5s for retry backoff ==============================> ! Failure at Ergast with https:// connection. Retrying as http://. Waiting 5s for retry backoff =====>------------------------- Waiting 5s for retry backoff ========================>------ Waiting 5s for retry backoff =============================>- Waiting 5s for retry backoff ===========>------------------- Waiting 5s for retry backoff =============================>- Waiting 5s for retry backoff ==============================> Waiting 5s for retry backoff =====>------------------------- Waiting 5s for retry backoff ===========>------------------- Waiting 5s for retry backoff =============================>- Waiting 5s for retry backoff ==============================> Waiting 5s for retry backoff ================>-------------- Waiting 5s for retry backoff ==============================> x Error getting Ergast data, http status code 503. Service Unavailable Waiting 5s for retry backoff =====>------------------------- Waiting 5s for retry backoff ===========>------------------- Waiting 5s for retry backoff =============================>- Waiting 5s for retry backoff ===============>--------------- Waiting 5s for retry backoff ==============================> Waiting 5s for retry backoff ======>------------------------ Waiting 5s for retry backoff ================>-------------- Waiting 5s for retry backoff ==============================> Waiting 5s for retry backoff =====>------------------------- Waiting 5s for retry backoff ====================>---------- Waiting 5s for retry backoff =============================>- ! Failure at Ergast with https:// connection. Retrying as http://. Waiting 5s for retry backoff =====>------------------------- Waiting 5s for retry backoff =======================>------- Waiting 5s for retry backoff ==============================> Waiting 5s for retry backoff ==========>-------------------- Waiting 5s for retry backoff =============================>- Waiting 5s for retry backoff ==============================> Waiting 5s for retry backoff =====>------------------------- Waiting 5s for retry backoff ================>-------------- Waiting 5s for retry backoff ==============================> Waiting 5s for retry backoff =====>------------------------- Waiting 5s for retry backoff =====================>--------- Waiting 5s for retry backoff ==============================> x Error getting Ergast data, http status code 503. Service Unavailable Waiting 5s for retry backoff =====>------------------------- Waiting 5s for retry backoff ==============>---------------- Waiting 5s for retry backoff =============================>- Waiting 5s for retry backoff =====>------------------------- Waiting 5s for retry backoff =================>------------- Waiting 5s for retry backoff ==============================> Waiting 5s for retry backoff =====>------------------------- Waiting 5s for retry backoff ========================>------ Waiting 5s for retry backoff ==============================> Waiting 5s for retry backoff ==========>-------------------- Waiting 5s for retry backoff ============================>-- Waiting 5s for retry backoff =============================>- ! Failure at Ergast with https:// connection. Retrying as http://. Waiting 5s for retry backoff =====>------------------------- Waiting 5s for retry backoff ==========>-------------------- Waiting 5s for retry backoff ============================>-- Waiting 5s for retry backoff ==============================> Waiting 5s for retry backoff ================>-------------- Waiting 5s for retry backoff ==============================> Waiting 5s for retry backoff =====>------------------------- Waiting 5s for retry backoff ==================>------------ Waiting 5s for retry backoff =============================>- Waiting 5s for retry backoff ======>------------------------ Waiting 5s for retry backoff ========================>------ Waiting 5s for retry backoff ==============================> x Error getting Ergast data, http status code 503. Service Unavailable Waiting 5s for retry backoff =====>------------------------- Waiting 5s for retry backoff =====================>--------- Waiting 5s for retry backoff =============================>- Waiting 5s for retry backoff ========>---------------------- Waiting 5s for retry backoff ==========================>---- Waiting 5s for retry backoff ==============================> Waiting 5s for retry backoff =====>------------------------- Waiting 5s for retry backoff ========>---------------------- Waiting 5s for retry backoff ==========================>---- Waiting 5s for retry backoff ==============================> Waiting 5s for retry backoff ============>------------------ Waiting 5s for retry backoff ==============================> ! Failure at Ergast with https:// connection. Retrying as http://. Waiting 5s for retry backoff =====>------------------------- Waiting 5s for retry backoff ============>------------------ Waiting 5s for retry backoff =============================>- Waiting 5s for retry backoff =====>------------------------- Waiting 5s for retry backoff ==================>------------ Waiting 5s for retry backoff =============================>- Waiting 5s for retry backoff =====>------------------------- Waiting 5s for retry backoff ==================>------------ Waiting 5s for retry backoff =============================>- Waiting 5s for retry backoff =====>------------------------- Waiting 5s for retry backoff =======================>------- Waiting 5s for retry backoff ==============================> x Error getting Ergast data, http status code 503. Service Unavailable Waiting 5s for retry backoff =====>------------------------- Waiting 5s for retry backoff ======================>-------- Waiting 5s for retry backoff =============================>- Waiting 5s for retry backoff ========>---------------------- Waiting 5s for retry backoff ==========================>---- Waiting 5s for retry backoff =============================>- Waiting 5s for retry backoff =====>------------------------- Waiting 5s for retry backoff ============>------------------ Waiting 5s for retry backoff ==============================> Waiting 5s for retry backoff ================>-------------- Waiting 5s for retry backoff ==============================> ! Failure at Ergast with https:// connection. Retrying as http://. Waiting 5s for retry backoff ======>------------------------ Waiting 5s for retry backoff ================>-------------- Waiting 5s for retry backoff =============================>- Waiting 5s for retry backoff =====>------------------------- Waiting 5s for retry backoff =====================>--------- Waiting 5s for retry backoff =============================>- Waiting 5s for retry backoff =====>------------------------- Waiting 5s for retry backoff =====================>--------- Waiting 5s for retry backoff ==============================> Waiting 5s for retry backoff ========>---------------------- Waiting 5s for retry backoff ===========================>--- Waiting 5s for retry backoff =============================>- x Error getting Ergast data, http status code 503. Service Unavailable Waiting 5s for retry backoff =====>------------------------- Waiting 5s for retry backoff ==========>-------------------- Waiting 5s for retry backoff ============================>-- Waiting 5s for retry backoff ==============================> Waiting 5s for retry backoff ===============>--------------- Waiting 5s for retry backoff ==============================> Waiting 5s for retry backoff =====>------------------------- Waiting 5s for retry backoff ===============>--------------- Waiting 5s for retry backoff =============================>- Waiting 5s for retry backoff =====>------------------------- Waiting 5s for retry backoff ===================>----------- Waiting 5s for retry backoff =============================>- ! Failure at Ergast with https:// connection. Retrying as http://. Waiting 5s for retry backoff =====>------------------------- Waiting 5s for retry backoff ==============>---------------- Waiting 5s for retry backoff =============================>- Waiting 5s for retry backoff =====>------------------------- Waiting 5s for retry backoff ===================>----------- Waiting 5s for retry backoff ==============================> Waiting 5s for retry backoff =====>------------------------- Waiting 5s for retry backoff ======>------------------------ Waiting 5s for retry backoff ========================>------ Waiting 5s for retry backoff ==============================> Waiting 5s for retry backoff ============>------------------ Waiting 5s for retry backoff =============================>- x Error getting Ergast data, http status code 503. Service Unavailable [ FAIL 28 | WARN 24 | SKIP 11 | PASS 81 ] ══ Skipped tests (11) ══════════════════════════════════════════════════════════ • fastf1 not available for testing (11): 'test-load_circuit_details.R:3:3', 'test-load_circuit_details.R:52:3', 'test-load_driver_telemetry.R:3:3', 'test-load_driver_telemetry.R:66:3', 'test-load_race_session.R:3:3', 'test-load_race_session.R:69:3', 'test-load_race_session.R:92:3', 'test-load_session_laps.R:3:3', 'test-load_session_laps.R:52:3', 'test-plot_fastest.R:3:3', 'test-plot_fastest.R:74:3' ══ Failed tests ════════════════════════════════════════════════════════════════ ── Failure ('test-clear_f1_cache.R:27:3'): load_ciruits (off cache) works ────── nrow(ciruits_2021) (`actual`) not equal to 21 (`expected`). `actual` is NULL `expected` is a double vector (21) ── Failure ('test-clear_f1_cache.R:28:3'): load_ciruits (off cache) works ────── ciruits_2021$circuit_id[3] (`actual`) not equal to "baku" (`expected`). `actual` is NULL `expected` is a character vector ('baku') ── Failure ('test-clear_f1_cache.R:29:3'): load_ciruits (off cache) works ────── ciruits_2021$locality[1] (`actual`) not equal to "Austin" (`expected`). `actual` is NULL `expected` is a character vector ('Austin') ── Failure ('test-clear_f1_cache.R:41:3'): load_ciruits (memory cache) works ─── nrow(ciruits_2021) (`actual`) not equal to 21 (`expected`). `actual` is NULL `expected` is a double vector (21) ── Failure ('test-clear_f1_cache.R:42:3'): load_ciruits (memory cache) works ─── ciruits_2021$circuit_id[3] (`actual`) not equal to "baku" (`expected`). `actual` is NULL `expected` is a character vector ('baku') ── Failure ('test-clear_f1_cache.R:43:3'): load_ciruits (memory cache) works ─── ciruits_2021$locality[1] (`actual`) not equal to "Austin" (`expected`). `actual` is NULL `expected` is a character vector ('Austin') ── Failure ('test-clear_f1_cache.R:60:3'): load_ciruits (filesystem cache) works ── nrow(ciruits_2021) (`actual`) not equal to 21 (`expected`). `actual` is NULL `expected` is a double vector (21) ── Failure ('test-clear_f1_cache.R:61:3'): load_ciruits (filesystem cache) works ── ciruits_2021$circuit_id[3] (`actual`) not equal to "baku" (`expected`). `actual` is NULL `expected` is a character vector ('baku') ── Failure ('test-clear_f1_cache.R:62:3'): load_ciruits (filesystem cache) works ── ciruits_2021$locality[1] (`actual`) not equal to "Austin" (`expected`). `actual` is NULL `expected` is a character vector ('Austin') ── Failure ('test-load_circuits.R:12:3'): load_ciruits works ─────────────────── nrow(ciruits_2021) (`actual`) not equal to 21 (`expected`). `actual` is NULL `expected` is a double vector (21) ── Failure ('test-load_circuits.R:13:3'): load_ciruits works ─────────────────── ciruits_2021$circuit_id[3] (`actual`) not equal to "baku" (`expected`). `actual` is NULL `expected` is a character vector ('baku') ── Failure ('test-load_circuits.R:14:3'): load_ciruits works ─────────────────── ciruits_2021$locality[1] (`actual`) not equal to "Austin" (`expected`). `actual` is NULL `expected` is a character vector ('Austin') ── Failure ('test-load_constructors.R:12:3'): load_constructors works ────────── ncol(constructors) (`actual`) not equal to 3 (`expected`). `actual` is NULL `expected` is a double vector (3) ── Failure ('test-load_constructors.R:13:3'): load_constructors works ────────── constructors[1, ]$constructor_id (`actual`) not equal to "adams" (`expected`). `actual` is NULL `expected` is a character vector ('adams') ── Failure ('test-load_drivers.R:11:3'): Drivers Load works ──────────────────── nrow(drivers_2021) (`actual`) not equal to 21 (`expected`). `actual` is NULL `expected` is a double vector (21) ── Failure ('test-load_drivers.R:12:3'): Drivers Load works ──────────────────── drivers_2021$driver_id[2] (`actual`) not equal to "bottas" (`expected`). `actual` is NULL `expected` is a character vector ('bottas') ── Failure ('test-load_drivers.R:13:3'): Drivers Load works ──────────────────── drivers_2021$code[1] (`actual`) not equal to "ALO" (`expected`). `actual` is NULL `expected` is a character vector ('ALO') ── Failure ('test-load_schedule.R:12:3'): load_schedule works ────────────────── nrow(schedule_2021) (`actual`) not equal to 22 (`expected`). `actual` is NULL `expected` is a double vector (22) ── Failure ('test-load_schedule.R:13:3'): load_schedule works ────────────────── schedule_2021$season[1] (`actual`) not equal to "2021" (`expected`). `actual` is NULL `expected` is a character vector ('2021') ── Failure ('test-load_schedule.R:14:3'): load_schedule works ────────────────── schedule_2021$race_name[2] (`actual`) not equal to "Emilia Romagna Grand Prix" (`expected`). `actual` is NULL `expected` is a character vector ('Emilia Romagna Grand Prix') ── Failure ('test-load_schedule.R:17:3'): load_schedule works ────────────────── nrow(schedule_1999) (`actual`) not equal to 16 (`expected`). `actual` is NULL `expected` is a double vector (16) ── Failure ('test-load_schedule.R:18:3'): load_schedule works ────────────────── schedule_1999$circuit_id[1] (`actual`) not equal to "albert_park" (`expected`). `actual` is NULL `expected` is a character vector ('albert_park') ── Failure ('test-load_schedule.R:25:3'): load_schedule works ────────────────── sum(!is.na(schedule_2021$sprint_date)) (`actual`) not equal to 3 (`expected`). `actual`: 0 `expected`: 3 ── Failure ('test-load_sprint.R:12:3'): load_sprint works ────────────────────── nrow(sprint_2021_10) (`actual`) not equal to 20 (`expected`). `actual` is NULL `expected` is a double vector (20) ── Failure ('test-load_sprint.R:13:3'): load_sprint works ────────────────────── sprint_2021_10$driver_id[3] (`actual`) not equal to "bottas" (`expected`). `actual` is NULL `expected` is a character vector ('bottas') ── Failure ('test-load_sprint.R:14:3'): load_sprint works ────────────────────── sprint_2021_10$position[1] (`actual`) not equal to "1" (`expected`). `actual` is NULL `expected` is a character vector ('1') ── Failure ('test-load_standings.R:11:3'): load_standings works ──────────────── nrow(standings_2021) (`actual`) not equal to 21 (`expected`). `actual` is NULL `expected` is a double vector (21) ── Failure ('test-load_standings.R:14:3'): load_standings works ──────────────── nrow(standings_2021_constructor) (`actual`) not equal to 10 (`expected`). `actual` is NULL `expected` is a double vector (10) [ FAIL 28 | WARN 24 | SKIP 11 | PASS 81 ] Error: Test failures Execution halted Flavor: r-release-linux-x86_64