CRAN Package Check Results for Package ezknitr

Last updated on 2021-04-16 00:47:12 CEST.

Flavor Version Tinstall Tcheck Ttotal Status Flags
r-devel-linux-x86_64-debian-clang 0.6 2.14 25.33 27.47 NOTE
r-devel-linux-x86_64-debian-gcc 0.6 1.71 20.31 22.02 NOTE
r-devel-linux-x86_64-fedora-clang 0.6 44.06 NOTE
r-devel-linux-x86_64-fedora-gcc 0.6 33.75 NOTE
r-devel-windows-ix86+x86_64 0.6 5.00 44.00 49.00 NOTE
r-devel-windows-x86_64-gcc10-UCRT 0.6 NOTE
r-patched-linux-x86_64 0.6 2.07 25.00 27.07 OK
r-patched-solaris-x86 0.6 53.00 OK
r-release-linux-x86_64 0.6 2.16 24.78 26.94 OK
r-release-macos-x86_64 0.6 OK
r-release-windows-ix86+x86_64 0.6 5.00 45.00 50.00 OK
r-oldrel-macos-x86_64 0.6 OK
r-oldrel-windows-ix86+x86_64 0.6 4.00 34.00 38.00 OK

Check Details

Version: 0.6
Check: LazyData
Result: NOTE
     'LazyData' is specified without a 'data' directory
Flavors: r-devel-linux-x86_64-debian-clang, r-devel-linux-x86_64-debian-gcc, r-devel-linux-x86_64-fedora-clang, r-devel-linux-x86_64-fedora-gcc, r-devel-windows-ix86+x86_64, r-devel-windows-x86_64-gcc10-UCRT