CRAN Package Check Results for Package ezglm

Last updated on 2019-04-22 16:54:04 CEST.

Flavor Version Tinstall Tcheck Ttotal Status Flags
r-devel-linux-x86_64-debian-clang 1.0 3.06 16.06 19.12 NOTE
r-devel-linux-x86_64-debian-gcc 1.0 2.86 13.28 16.14 NOTE
r-devel-linux-x86_64-fedora-clang 1.0 24.12 NOTE
r-devel-linux-x86_64-fedora-gcc 1.0 22.91 NOTE
r-devel-windows-ix86+x86_64 1.0 16.00 35.00 51.00 NOTE
r-patched-linux-x86_64 1.0 3.04 16.23 19.27 NOTE
r-patched-solaris-x86 1.0 37.00 NOTE
r-release-linux-x86_64 1.0 2.28 15.50 17.78 NOTE
r-release-windows-ix86+x86_64 1.0 9.00 32.00 41.00 NOTE
r-release-osx-x86_64 1.0 NOTE
r-oldrel-windows-ix86+x86_64 1.0 9.00 43.00 52.00 NOTE
r-oldrel-osx-x86_64 1.0 NOTE

Check Details

Version: 1.0
Check: DESCRIPTION meta-information
Result: NOTE
    Malformed Title field: should not end in a period.
Flavors: r-devel-linux-x86_64-debian-clang, r-devel-linux-x86_64-debian-gcc, r-devel-linux-x86_64-fedora-clang, r-devel-linux-x86_64-fedora-gcc, r-devel-windows-ix86+x86_64, r-patched-linux-x86_64, r-patched-solaris-x86, r-release-linux-x86_64, r-release-windows-ix86+x86_64, r-release-osx-x86_64, r-oldrel-windows-ix86+x86_64, r-oldrel-osx-x86_64

Version: 1.0
Check: compiled code
Result: NOTE
    File ‘ezglm/libs/ezglm.so’:
     Found no calls to: ‘R_registerRoutines’, ‘R_useDynamicSymbols’
    
    It is good practice to register native routines and to disable symbol
    search.
    
    See ‘Writing portable packages’ in the ‘Writing R Extensions’ manual.
Flavors: r-devel-linux-x86_64-fedora-clang, r-devel-linux-x86_64-fedora-gcc