CRAN Package Check Results for Package ezglm

Last updated on 2019-07-24 09:50:22 CEST.

Flavor Version Tinstall Tcheck Ttotal Status Flags
r-devel-linux-x86_64-debian-clang 1.0 3.23 16.42 19.65 NOTE
r-devel-linux-x86_64-debian-gcc 1.0 2.69 13.35 16.04 NOTE
r-devel-linux-x86_64-fedora-clang 1.0 23.84 NOTE
r-devel-linux-x86_64-fedora-gcc 1.0 23.05 NOTE
r-devel-windows-ix86+x86_64 1.0 11.00 37.00 48.00 NOTE
r-patched-linux-x86_64 1.0 3.42 16.04 19.46 NOTE
r-patched-solaris-x86 1.0 38.50 NOTE
r-release-linux-x86_64 1.0 3.31 16.25 19.56 NOTE
r-release-windows-ix86+x86_64 1.0 12.00 50.00 62.00 NOTE
r-release-osx-x86_64 1.0 NOTE
r-oldrel-windows-ix86+x86_64 1.0 9.00 32.00 41.00 NOTE
r-oldrel-osx-x86_64 1.0 NOTE

Check Details

Version: 1.0
Check: DESCRIPTION meta-information
Result: NOTE
    Malformed Title field: should not end in a period.
Flavors: r-devel-linux-x86_64-debian-clang, r-devel-linux-x86_64-debian-gcc, r-devel-linux-x86_64-fedora-clang, r-devel-linux-x86_64-fedora-gcc, r-devel-windows-ix86+x86_64, r-patched-linux-x86_64, r-patched-solaris-x86, r-release-linux-x86_64, r-release-windows-ix86+x86_64, r-release-osx-x86_64, r-oldrel-windows-ix86+x86_64, r-oldrel-osx-x86_64

Version: 1.0
Check: compiled code
Result: NOTE
    File ‘ezglm/libs/ezglm.so’:
     Found no calls to: ‘R_registerRoutines’, ‘R_useDynamicSymbols’
    
    It is good practice to register native routines and to disable symbol
    search.
    
    See ‘Writing portable packages’ in the ‘Writing R Extensions’ manual.
Flavors: r-devel-linux-x86_64-fedora-clang, r-devel-linux-x86_64-fedora-gcc