CRAN Package Check Results for Package ez

Last updated on 2024-06-19 20:58:27 CEST.

Flavor Version Tinstall Tcheck Ttotal Status Flags
r-devel-linux-x86_64-debian-clang 4.4-0 14.39 152.27 166.66 NOTE
r-devel-linux-x86_64-debian-gcc 4.4-0 12.26 108.08 120.34 NOTE
r-devel-linux-x86_64-fedora-clang 4.4-0 215.86 NOTE
r-devel-linux-x86_64-fedora-gcc 4.4-0 192.83 NOTE
r-devel-windows-x86_64 4.4-0 14.00 120.00 134.00 NOTE
r-patched-linux-x86_64 4.4-0 14.20 141.93 156.13 NOTE
r-release-linux-x86_64 4.4-0 14.73 144.14 158.87 NOTE
r-release-macos-arm64 4.4-0 57.00 NOTE
r-release-macos-x86_64 4.4-0 80.00 NOTE
r-release-windows-x86_64 4.4-0 14.00 126.00 140.00 NOTE
r-oldrel-macos-arm64 4.4-0 62.00 OK
r-oldrel-macos-x86_64 4.4-0 97.00 OK
r-oldrel-windows-x86_64 4.4-0 19.00 148.00 167.00 OK

Check Details

Version: 4.4-0
Check: Rd files
Result: NOTE checkRd: (-1) ez-package.Rd:19: Lost braces in \itemize; meant \describe ? checkRd: (-1) ez-package.Rd:20: Lost braces in \itemize; meant \describe ? checkRd: (-1) ez-package.Rd:21: Lost braces in \itemize; meant \describe ? checkRd: (-1) ez-package.Rd:22: Lost braces in \itemize; meant \describe ? checkRd: (-1) ez-package.Rd:23: Lost braces in \itemize; meant \describe ? checkRd: (-1) ez-package.Rd:24: Lost braces in \itemize; meant \describe ? checkRd: (-1) ez-package.Rd:25: Lost braces in \itemize; meant \describe ? checkRd: (-1) ez-package.Rd:26: Lost braces in \itemize; meant \describe ? checkRd: (-1) ez-package.Rd:27: Lost braces in \itemize; meant \describe ? checkRd: (-1) ez-package.Rd:28: Lost braces in \itemize; meant \describe ? checkRd: (-1) ez-package.Rd:29: Lost braces in \itemize; meant \describe ? checkRd: (-1) ez-package.Rd:30: Lost braces in \itemize; meant \describe ? checkRd: (-1) ez-package.Rd:32: Lost braces in \itemize; meant \describe ? checkRd: (-1) ez-package.Rd:33: Lost braces in \itemize; meant \describe ? Flavors: r-devel-linux-x86_64-debian-clang, r-devel-linux-x86_64-debian-gcc, r-devel-linux-x86_64-fedora-clang, r-devel-linux-x86_64-fedora-gcc, r-devel-windows-x86_64, r-patched-linux-x86_64, r-release-linux-x86_64, r-release-macos-arm64, r-release-macos-x86_64, r-release-windows-x86_64