CRAN Package Check Results for Package eyetracking

Last updated on 2019-02-19 11:52:07 CET.

Flavor Version Tinstall Tcheck Ttotal Status Flags
r-devel-linux-x86_64-debian-clang 1.1 1.16 16.14 17.30 NOTE
r-devel-linux-x86_64-debian-gcc 1.1 0.88 13.01 13.89 NOTE
r-devel-linux-x86_64-fedora-clang 1.1 21.62 NOTE
r-devel-linux-x86_64-fedora-gcc 1.1 19.52 NOTE
r-devel-windows-ix86+x86_64 1.1 4.00 24.00 28.00 NOTE
r-patched-linux-x86_64 1.1 0.52 14.75 15.27 NOTE
r-patched-solaris-x86 1.1 29.90 NOTE
r-release-linux-x86_64 1.1 0.64 14.64 15.28 NOTE
r-release-windows-ix86+x86_64 1.1 2.00 23.00 25.00 NOTE
r-release-osx-x86_64 1.1 NOTE
r-oldrel-windows-ix86+x86_64 1.1 2.00 31.00 33.00 NOTE
r-oldrel-osx-x86_64 1.1 NOTE

Check Details

Version: 1.1
Check: DESCRIPTION meta-information
Result: NOTE
    Malformed Description field: should contain one or more complete sentences.
Flavors: r-devel-linux-x86_64-debian-clang, r-devel-linux-x86_64-debian-gcc, r-devel-linux-x86_64-fedora-clang, r-devel-linux-x86_64-fedora-gcc, r-devel-windows-ix86+x86_64, r-patched-linux-x86_64, r-patched-solaris-x86, r-release-linux-x86_64, r-release-windows-ix86+x86_64, r-release-osx-x86_64, r-oldrel-windows-ix86+x86_64, r-oldrel-osx-x86_64

Version: 1.1
Check: Rd line widths
Result: NOTE
    Rd file 'distance2point.Rd':
     \usage lines wider than 90 characters:
     distance2point(x, y, viewerDistance, viewerHeight, resolutionX, resolutionY, screenWidth, screenHeight)
     \examples lines wider than 100 characters:
     function( x, y, viewerDistance, viewerHeight, resolutionX, resolutionY, screenWidth, screenHeight ) {
    
    Rd file 'subtendedAngle.Rd':
     \usage lines wider than 90 characters:
     subtendedAngle(x1, y1, x2, y2, viewerDistance = 58.74, viewerHeight = 4.55, resolutionX = 1280, resolutionY = 1024, screenWidth = 33.97 ... [TRUNCATED]
     \examples lines wider than 100 characters:
     function( x1, y1, x2, y2, viewerDistance=58.74, viewerHeight=4.55, resolutionX=1280, resolutionY=1024, screenWidth=33.97, screenHeight= ... [TRUNCATED]
     d1 <- distance2point(x1, y1, viewerDistance, viewerHeight, resolutionX, resolutionY, screenWidth, screenHeight)
     d2 <- distance2point(x2, y2, viewerDistance, viewerHeight, resolutionX, resolutionY, screenWidth, screenHeight)
    
    These lines will be truncated in the PDF manual.
Flavors: r-devel-linux-x86_64-debian-clang, r-devel-linux-x86_64-debian-gcc, r-devel-linux-x86_64-fedora-clang, r-devel-linux-x86_64-fedora-gcc, r-patched-linux-x86_64, r-release-linux-x86_64