CRAN Package Check Results for Package eye

Last updated on 2020-10-27 17:52:42 CET.

Flavor Version Tinstall Tcheck Ttotal Status Flags
r-devel-linux-x86_64-debian-clang 0.1.0 7.63 74.26 81.89 OK
r-devel-linux-x86_64-debian-gcc 0.1.0 5.65 54.05 59.70 OK
r-devel-linux-x86_64-fedora-clang 0.1.0 106.03 OK
r-devel-linux-x86_64-fedora-gcc 0.1.0 91.55 OK
r-devel-windows-ix86+x86_64 0.1.0 16.00 92.00 108.00 OK
r-patched-linux-x86_64 0.1.0 OK
r-patched-solaris-x86 0.1.0 127.20 OK
r-release-linux-x86_64 0.1.0 7.51 66.75 74.26 OK
r-release-macos-x86_64 0.1.0 OK
r-release-windows-ix86+x86_64 0.1.0 13.00 69.00 82.00 OK
r-oldrel-macos-x86_64 0.1.0 ERROR

Check Details

Version: 0.1.0
Check: whether package can be installed
Result: ERROR
    Installation failed.
Flavor: r-oldrel-macos-x86_64