CRAN Package Check Results for Package extrafontdb

Last updated on 2019-04-25 10:49:01 CEST.

Flavor Version Tinstall Tcheck Ttotal Status Flags
r-devel-linux-x86_64-debian-clang 1.0 1.38 14.98 16.36 NOTE
r-devel-linux-x86_64-debian-gcc 1.0 1.11 12.13 13.24 NOTE
r-devel-linux-x86_64-fedora-clang 1.0 19.42 NOTE
r-devel-linux-x86_64-fedora-gcc 1.0 18.37 NOTE
r-devel-windows-ix86+x86_64 1.0 4.00 25.00 29.00 NOTE
r-patched-linux-x86_64 1.0 1.22 14.62 15.84 NOTE
r-patched-solaris-x86 1.0 31.00 NOTE
r-release-linux-x86_64 1.0 0.69 13.79 14.48 NOTE
r-release-windows-ix86+x86_64 1.0 2.00 23.00 25.00 NOTE
r-release-osx-x86_64 1.0 NOTE
r-oldrel-windows-ix86+x86_64 1.0 3.00 29.00 32.00 NOTE
r-oldrel-osx-x86_64 1.0 NOTE

Check Details

Version: 1.0
Check: DESCRIPTION meta-information
Result: NOTE
    Malformed Description field: should contain one or more complete sentences.
Flavors: r-devel-linux-x86_64-debian-clang, r-devel-linux-x86_64-debian-gcc, r-devel-linux-x86_64-fedora-clang, r-devel-linux-x86_64-fedora-gcc, r-devel-windows-ix86+x86_64, r-patched-linux-x86_64, r-patched-solaris-x86, r-release-linux-x86_64, r-release-windows-ix86+x86_64, r-release-osx-x86_64, r-oldrel-windows-ix86+x86_64, r-oldrel-osx-x86_64