CRAN Package Check Results for Package exptest

Last updated on 2019-04-24 14:47:24 CEST.

Flavor Version Tinstall Tcheck Ttotal Status Flags
r-devel-linux-x86_64-debian-clang 1.2 2.83 26.67 29.50 NOTE
r-devel-linux-x86_64-debian-gcc 1.2 2.26 21.16 23.42 NOTE
r-devel-linux-x86_64-fedora-clang 1.2 34.83 NOTE
r-devel-linux-x86_64-fedora-gcc 1.2 33.11 NOTE
r-devel-windows-ix86+x86_64 1.2 7.00 34.00 41.00 NOTE
r-patched-linux-x86_64 1.2 2.27 26.39 28.66 NOTE
r-patched-solaris-x86 1.2 48.80 NOTE
r-release-linux-x86_64 1.2 2.19 25.52 27.71 NOTE
r-release-windows-ix86+x86_64 1.2 3.00 33.00 36.00 NOTE
r-release-osx-x86_64 1.2 NOTE
r-oldrel-windows-ix86+x86_64 1.2 3.00 52.00 55.00 NOTE
r-oldrel-osx-x86_64 1.2 NOTE

Check Details

Version: 1.2
Check: DESCRIPTION meta-information
Result: NOTE
    Malformed Description field: should contain one or more complete sentences.
Flavors: r-devel-linux-x86_64-debian-clang, r-devel-linux-x86_64-debian-gcc, r-devel-linux-x86_64-fedora-clang, r-devel-linux-x86_64-fedora-gcc, r-devel-windows-ix86+x86_64, r-patched-linux-x86_64, r-patched-solaris-x86, r-release-linux-x86_64, r-release-windows-ix86+x86_64, r-release-osx-x86_64, r-oldrel-windows-ix86+x86_64, r-oldrel-osx-x86_64

Version: 1.2
Check: R code for possible problems
Result: NOTE
    ahsanullah.exp.test: no visible global function definition for 'rexp'
    ahsanullah.exp.test: no visible global function definition for 'pnorm'
    atkinson.exp.test: no visible global function definition for 'rexp'
    atkinson.exp.test: no visible global function definition for 'pnorm'
    co.exp.test: no visible global function definition for 'rexp'
    co.exp.test: no visible global function definition for 'pnorm'
    cvm.exp.test: no visible global function definition for 'rexp'
    deshpande.exp.test: no visible global function definition for 'rexp'
    deshpande.exp.test: no visible global function definition for 'pnorm'
    ep.exp.test: no visible global function definition for 'rexp'
    ep.exp.test: no visible global function definition for 'pnorm'
    epstein.exp.test: no visible global function definition for 'rexp'
    epstein.exp.test: no visible global function definition for 'pchisq'
    frozini.exp.test: no visible global function definition for 'rexp'
    gini.exp.test: no visible global function definition for 'rexp'
    gini.exp.test: no visible global function definition for 'pnorm'
    gnedenko.exp.test: no visible global function definition for 'rexp'
    gnedenko.exp.test: no visible global function definition for 'pf'
    harris.exp.test: no visible global function definition for 'rexp'
    harris.exp.test: no visible global function definition for 'pf'
    hegazy1.exp.test: no visible global function definition for 'rexp'
    hegazy2.exp.test: no visible global function definition for 'rexp'
    hollander.exp.test: no visible global function definition for 'rexp'
    hollander.exp.test: no visible global function definition for 'pnorm'
    kimber.exp.test: no visible global function definition for 'rexp'
    kochar.exp.test: no visible global function definition for 'rexp'
    kochar.exp.test: no visible global function definition for 'pnorm'
    ks.exp.test: no visible global function definition for 'rexp'
    lorenz.exp.test: no visible global function definition for 'rexp'
    lorenz.exp.test: no visible global function definition for 'pnorm'
    moran.exp.test: no visible global function definition for 'rexp'
    moran.exp.test: no visible global function definition for 'pnorm'
    pietra.exp.test: no visible global function definition for 'rexp'
    rossberg.exp.test: no visible global function definition for 'pnorm'
    shapiro.exp.test: no visible global function definition for 'rexp'
    we.exp.test: no visible global function definition for 'var'
    we.exp.test: no visible global function definition for 'rexp'
    ww.exp.test: no visible global function definition for 'rexp'
    Undefined global functions or variables:
     pchisq pf pnorm rexp var
    Consider adding
     importFrom("stats", "pchisq", "pf", "pnorm", "rexp", "var")
    to your NAMESPACE file.
Flavors: r-devel-linux-x86_64-debian-clang, r-devel-linux-x86_64-debian-gcc, r-devel-linux-x86_64-fedora-clang, r-devel-linux-x86_64-fedora-gcc, r-devel-windows-ix86+x86_64, r-patched-linux-x86_64, r-patched-solaris-x86, r-release-linux-x86_64, r-release-windows-ix86+x86_64, r-release-osx-x86_64, r-oldrel-windows-ix86+x86_64, r-oldrel-osx-x86_64