CRAN Package Check Results for Package expert

Last updated on 2019-06-24 15:48:10 CEST.

Flavor Version Tinstall Tcheck Ttotal Status Flags
r-devel-linux-x86_64-debian-clang 1.0-0 2.06 19.17 21.23 NOTE
r-devel-linux-x86_64-debian-gcc 1.0-0 1.66 15.90 17.56 NOTE
r-devel-linux-x86_64-fedora-clang 1.0-0 26.05 NOTE
r-devel-linux-x86_64-fedora-gcc 1.0-0 24.69 NOTE
r-devel-windows-ix86+x86_64 1.0-0 6.00 32.00 38.00 NOTE
r-patched-linux-x86_64 1.0-0 1.72 19.42 21.14 NOTE
r-patched-solaris-x86 1.0-0 40.30 NOTE
r-release-linux-x86_64 1.0-0 1.90 19.47 21.37 NOTE
r-release-windows-ix86+x86_64 1.0-0 4.00 46.00 50.00 NOTE
r-release-osx-x86_64 1.0-0 NOTE
r-oldrel-windows-ix86+x86_64 1.0-0 2.00 29.00 31.00 NOTE
r-oldrel-osx-x86_64 1.0-0 NOTE

Check Details

Version: 1.0-0
Check: R code for possible problems
Result: NOTE
    print.cdf : numform: warning in formatC(x, dig = digits): partial
     argument match of 'dig' to 'digits'
    print.cdf: warning in get("x", env = environment(x)): partial argument
     match of 'env' to 'envir'
    print.cdf: warning in get("y", env = environment(x)): partial argument
     match of 'env' to 'envir'
    print.ogive : numform: warning in formatC(x, dig = digits): partial
     argument match of 'dig' to 'digits'
    print.ogive: warning in get("x", env = environment(x)): partial
     argument match of 'env' to 'envir'
    print.ogive: warning in get("y", env = environment(x)): partial
     argument match of 'env' to 'envir'
    quantile.expert: warning in formatC(paste(100 * probs, "%", sep = ""),
     format = "fg", wid = 1, digits = dig): partial argument match of
     'wid' to 'width'
    MS: no visible global function definition for 'tail'
    Undefined global functions or variables:
     tail
    Consider adding
     importFrom("utils", "tail")
    to your NAMESPACE file.
Flavors: r-devel-linux-x86_64-debian-clang, r-devel-linux-x86_64-debian-gcc, r-devel-linux-x86_64-fedora-clang, r-devel-linux-x86_64-fedora-gcc, r-devel-windows-ix86+x86_64, r-patched-linux-x86_64, r-patched-solaris-x86, r-release-linux-x86_64, r-release-windows-ix86+x86_64, r-release-osx-x86_64, r-oldrel-windows-ix86+x86_64, r-oldrel-osx-x86_64