CRAN Package Check Results for Package expandFunctions

Last updated on 2024-06-13 08:53:33 CEST.

Flavor Version Tinstall Tcheck Ttotal Status Flags
r-devel-linux-x86_64-debian-clang 0.1.0 3.18 37.26 40.44 NOTE
r-devel-linux-x86_64-debian-gcc 0.1.0 2.37 28.44 30.81 NOTE
r-devel-linux-x86_64-fedora-clang 0.1.0 50.95 NOTE
r-devel-linux-x86_64-fedora-gcc 0.1.0 47.74 NOTE
r-devel-windows-x86_64 0.1.0 3.00 53.00 56.00 NOTE
r-patched-linux-x86_64 0.1.0 2.83 36.01 38.84 NOTE
r-release-linux-x86_64 0.1.0 3.08 36.54 39.62 NOTE
r-release-macos-arm64 0.1.0 20.00 NOTE
r-release-macos-x86_64 0.1.0 26.00 NOTE
r-release-windows-x86_64 0.1.0 3.00 55.00 58.00 NOTE
r-oldrel-macos-arm64 0.1.0 29.00 NOTE
r-oldrel-macos-x86_64 0.1.0 27.00 NOTE
r-oldrel-windows-x86_64 0.1.0 5.00 60.00 65.00 NOTE

Check Details

Version: 0.1.0
Check: LazyData
Result: NOTE 'LazyData' is specified without a 'data' directory Flavors: r-devel-linux-x86_64-debian-clang, r-devel-linux-x86_64-debian-gcc, r-devel-linux-x86_64-fedora-clang, r-devel-linux-x86_64-fedora-gcc, r-devel-windows-x86_64, r-patched-linux-x86_64, r-release-linux-x86_64, r-release-macos-arm64, r-release-macos-x86_64, r-release-windows-x86_64, r-oldrel-macos-arm64, r-oldrel-macos-x86_64, r-oldrel-windows-x86_64

Version: 0.1.0
Check: dependencies in R code
Result: NOTE Namespace in Imports field not imported from: ‘polynom’ All declared Imports should be used. Flavors: r-devel-linux-x86_64-fedora-clang, r-devel-linux-x86_64-fedora-gcc

Version: 0.1.0
Check: Rd cross-references
Result: NOTE Undeclared packages ‘tseriesChaos’, ‘rSFA’ in Rd xrefs Flavor: r-devel-linux-x86_64-fedora-clang