Last updated on 2022-05-22 17:50:41 CEST.
Flavor | Version | Tinstall | Tcheck | Ttotal | Status | Flags |
---|---|---|---|---|---|---|
r-devel-linux-x86_64-debian-clang | 0.1.0 | 2.71 | 44.55 | 47.26 | NOTE | |
r-devel-linux-x86_64-debian-gcc | 0.1.0 | 2.30 | 34.42 | 36.72 | NOTE | |
r-devel-linux-x86_64-fedora-clang | 0.1.0 | 57.18 | NOTE | |||
r-devel-linux-x86_64-fedora-gcc | 0.1.0 | 55.78 | NOTE | |||
r-devel-windows-x86_64 | 0.1.0 | 51.00 | 65.00 | 116.00 | NOTE | |
r-patched-linux-x86_64 | 0.1.0 | 2.40 | 44.65 | 47.05 | NOTE | |
r-release-linux-x86_64 | 0.1.0 | 3.09 | 42.92 | 46.01 | NOTE | |
r-release-macos-arm64 | 0.1.0 | 19.00 | NOTE | |||
r-release-macos-x86_64 | 0.1.0 | 28.00 | NOTE | |||
r-release-windows-x86_64 | 0.1.0 | 39.00 | 66.00 | 105.00 | NOTE | |
r-oldrel-macos-arm64 | 0.1.0 | 25.00 | NOTE | |||
r-oldrel-macos-x86_64 | 0.1.0 | 28.00 | NOTE | |||
r-oldrel-windows-ix86+x86_64 | 0.1.0 | 8.00 | 57.00 | 65.00 | NOTE |
Version: 0.1.0
Check: LazyData
Result: NOTE
'LazyData' is specified without a 'data' directory
Flavors: r-devel-linux-x86_64-debian-clang, r-devel-linux-x86_64-debian-gcc, r-devel-linux-x86_64-fedora-clang, r-devel-linux-x86_64-fedora-gcc, r-devel-windows-x86_64, r-patched-linux-x86_64, r-release-linux-x86_64, r-release-macos-arm64, r-release-macos-x86_64, r-release-windows-x86_64, r-oldrel-macos-arm64, r-oldrel-macos-x86_64, r-oldrel-windows-ix86+x86_64
Version: 0.1.0
Check: dependencies in R code
Result: NOTE
Namespace in Imports field not imported from: ‘polynom’
All declared Imports should be used.
Flavors: r-devel-linux-x86_64-fedora-clang, r-devel-linux-x86_64-fedora-gcc, r-release-macos-arm64, r-release-macos-x86_64, r-oldrel-macos-arm64, r-oldrel-macos-x86_64
Version: 0.1.0
Check: Rd cross-references
Result: NOTE
Undeclared packages ‘tseriesChaos’, ‘rSFA’ in Rd xrefs
Flavor: r-devel-linux-x86_64-fedora-clang