CRAN Package Check Results for Package expDB

Last updated on 2022-11-27 17:49:54 CET.

Flavor Version Tinstall Tcheck Ttotal Status Flags
r-devel-linux-x86_64-debian-clang 0.1.0 6.16 49.41 55.57 OK
r-devel-linux-x86_64-debian-gcc 0.1.0 5.61 38.02 43.63 OK
r-devel-linux-x86_64-fedora-clang 0.1.0 84.77 NOTE
r-devel-linux-x86_64-fedora-gcc 0.1.0 81.56 NOTE
r-devel-windows-x86_64 0.1.0 33.00 86.00 119.00 OK
r-patched-linux-x86_64 0.1.0 3.99 47.79 51.78 OK
r-release-linux-x86_64 0.1.0 4.18 47.10 51.28 OK
r-release-macos-arm64 0.1.0 24.00 NOTE
r-release-macos-x86_64 0.1.0 38.00 NOTE
r-release-windows-x86_64 0.1.0 30.00 78.00 108.00 OK
r-oldrel-macos-arm64 0.1.0 26.00 NOTE
r-oldrel-macos-x86_64 0.1.0 31.00 NOTE
r-oldrel-windows-ix86+x86_64 0.1.0 14.00 69.00 83.00 OK

Check Details

Version: 0.1.0
Check: dependencies in R code
Result: NOTE
    Namespace in Imports field not imported from: ‘tidyverse’
     All declared Imports should be used.
Flavors: r-devel-linux-x86_64-fedora-clang, r-devel-linux-x86_64-fedora-gcc, r-release-macos-arm64, r-release-macos-x86_64, r-oldrel-macos-arm64, r-oldrel-macos-x86_64