Last updated on 2022-05-17 13:49:59 CEST.
Flavor | Version | Tinstall | Tcheck | Ttotal | Status | Flags |
---|---|---|---|---|---|---|
r-devel-linux-x86_64-debian-clang | 0.1.0 | 5.56 | 57.47 | 63.03 | OK | |
r-devel-linux-x86_64-debian-gcc | 0.1.0 | 4.92 | 42.89 | 47.81 | OK | |
r-devel-linux-x86_64-fedora-clang | 0.1.0 | 74.25 | NOTE | |||
r-devel-linux-x86_64-fedora-gcc | 0.1.0 | 72.01 | NOTE | |||
r-devel-windows-x86_64 | 0.1.0 | 31.00 | 72.00 | 103.00 | OK | |
r-patched-linux-x86_64 | 0.1.0 | 4.90 | 53.40 | 58.30 | OK | |
r-release-linux-x86_64 | 0.1.0 | 3.93 | 53.91 | 57.84 | OK | |
r-release-macos-arm64 | 0.1.0 | 24.00 | NOTE | |||
r-release-macos-x86_64 | 0.1.0 | 38.00 | NOTE | |||
r-release-windows-x86_64 | 0.1.0 | 32.00 | 72.00 | 104.00 | OK | |
r-oldrel-macos-arm64 | 0.1.0 | 26.00 | NOTE | |||
r-oldrel-macos-x86_64 | 0.1.0 | 31.00 | NOTE | |||
r-oldrel-windows-ix86+x86_64 | 0.1.0 | 15.00 | 63.00 | 78.00 | OK |
Version: 0.1.0
Check: dependencies in R code
Result: NOTE
Namespace in Imports field not imported from: ‘tidyverse’
All declared Imports should be used.
Flavors: r-devel-linux-x86_64-fedora-clang, r-devel-linux-x86_64-fedora-gcc, r-release-macos-arm64, r-release-macos-x86_64, r-oldrel-macos-arm64, r-oldrel-macos-x86_64