CRAN Package Check Results for Package exoplanets

Last updated on 2022-05-23 18:50:29 CEST.

Flavor Version Tinstall Tcheck Ttotal Status Flags
r-devel-linux-x86_64-debian-clang 0.2.2 3.93 47.15 51.08 OK
r-devel-linux-x86_64-debian-gcc 0.2.2 2.31 36.05 38.36 OK
r-devel-linux-x86_64-fedora-clang 0.2.2 59.17 NOTE
r-devel-linux-x86_64-fedora-gcc 0.2.2 57.20 NOTE
r-devel-windows-x86_64 0.2.2 33.00 72.00 105.00 OK
r-patched-linux-x86_64 0.2.2 2.84 47.45 50.29 OK
r-release-linux-x86_64 0.2.2 OK
r-release-macos-arm64 0.2.2 21.00 NOTE
r-release-macos-x86_64 0.2.2 40.00 NOTE
r-release-windows-x86_64 0.2.2 38.00 72.00 110.00 OK
r-oldrel-macos-arm64 0.2.2 33.00 NOTE
r-oldrel-macos-x86_64 0.2.2 28.00 NOTE
r-oldrel-windows-ix86+x86_64 0.2.2 11.00 58.00 69.00 OK

Check Details

Version: 0.2.2
Check: dependencies in R code
Result: NOTE
    Namespaces in Imports field not imported from:
     ‘readr’ ‘tibble’
     All declared Imports should be used.
Flavors: r-devel-linux-x86_64-fedora-clang, r-devel-linux-x86_64-fedora-gcc, r-release-macos-arm64, r-release-macos-x86_64, r-oldrel-macos-arm64, r-oldrel-macos-x86_64

Version: 0.2.2
Check: data for non-ASCII characters
Result: NOTE
     Note: found 11 marked UTF-8 strings
Flavors: r-devel-linux-x86_64-fedora-clang, r-devel-linux-x86_64-fedora-gcc, r-release-macos-arm64, r-release-macos-x86_64, r-oldrel-macos-arm64, r-oldrel-macos-x86_64