CRAN Package Check Results for Package exif

Last updated on 2022-12-04 21:55:37 CET.

Flavor Version Tinstall Tcheck Ttotal Status Flags
r-devel-linux-x86_64-debian-clang 0.1.0 19.55 29.38 48.93 OK
r-devel-linux-x86_64-debian-gcc 0.1.0 17.32 22.68 40.00 OK
r-devel-linux-x86_64-fedora-clang 0.1.0 81.88 NOTE
r-devel-linux-x86_64-fedora-gcc 0.1.0 78.09 NOTE
r-patched-linux-x86_64 0.1.0 21.35 27.73 49.08 OK
r-release-linux-x86_64 0.1.0 17.30 27.88 45.18 OK
r-release-macos-arm64 0.1.0 22.00 OK
r-release-macos-x86_64 0.1.0 32.00 OK
r-oldrel-macos-arm64 0.1.0 28.00 OK
r-oldrel-macos-x86_64 0.1.0 42.00 OK

Check Details

Version: 0.1.0
Check: compiled code
Result: NOTE
    File ‘exif/libs/exif.so’:
     Found no calls to: ‘R_registerRoutines’, ‘R_useDynamicSymbols’
    
    It is good practice to register native routines and to disable symbol
    search.
    
    See ‘Writing portable packages’ in the ‘Writing R Extensions’ manual.
Flavors: r-devel-linux-x86_64-fedora-clang, r-devel-linux-x86_64-fedora-gcc