CRAN Package Check Results for Package excerptr

Last updated on 2019-03-19 07:46:59 CET.

Flavor Version Tinstall Tcheck Ttotal Status Flags
r-devel-linux-x86_64-debian-clang 1.4.1 1.82 22.11 23.93 OK
r-devel-linux-x86_64-debian-gcc 1.4.1 1.43 18.36 19.79 OK
r-devel-linux-x86_64-fedora-clang 1.4.1 30.75 OK
r-devel-linux-x86_64-fedora-gcc 1.4.1 29.32 OK
r-patched-linux-x86_64 1.4.1 1.09 21.21 22.30 OK
r-patched-solaris-x86 1.4.1 3.80 ERROR
r-release-linux-x86_64 1.4.1 1.07 21.06 22.13 OK
r-release-osx-x86_64 1.4.1 OK
r-oldrel-osx-x86_64 1.4.1 ERROR

Check Details

Version: 1.4.1
Check: package dependencies
Result: ERROR
    Package required but not available: ‘git2r’
    
    Package suggested but not available for checking: ‘devtools’
    
    See section ‘The DESCRIPTION file’ in the ‘Writing R Extensions’
    manual.
Flavor: r-patched-solaris-x86

Version: 1.4.1
Check: whether package can be installed
Result: ERROR
    Installation failed.
Flavor: r-oldrel-osx-x86_64