CRAN Package Check Results for Package exams2sakai

Last updated on 2024-06-20 09:51:48 CEST.

Flavor Version Tinstall Tcheck Ttotal Status Flags
r-devel-linux-x86_64-debian-clang 0.3 4.95 36.87 41.82 NOTE
r-devel-linux-x86_64-debian-gcc 0.3 4.16 28.66 32.82 NOTE
r-devel-linux-x86_64-fedora-clang 0.3 53.83 NOTE
r-devel-linux-x86_64-fedora-gcc 0.3 50.51 NOTE
r-devel-windows-x86_64 0.3 5.00 48.00 53.00 NOTE
r-patched-linux-x86_64 0.3 9.08 35.66 44.74 NOTE
r-release-linux-x86_64 0.3 4.83 36.26 41.09 NOTE
r-release-macos-arm64 0.3 19.00 NOTE
r-release-macos-x86_64 0.3 28.00 NOTE
r-release-windows-x86_64 0.3 6.00 50.00 56.00 NOTE
r-oldrel-macos-arm64 0.3 22.00 NOTE
r-oldrel-macos-x86_64 0.3 27.00 NOTE
r-oldrel-windows-x86_64 0.3 6.00 54.00 60.00 NOTE

Check Details

Version: 0.3
Check: Rd files
Result: NOTE checkRd: (-1) exams2sakai.Rd:152: Escaped LaTeX specials: \& Flavors: r-devel-linux-x86_64-debian-clang, r-devel-linux-x86_64-debian-gcc, r-devel-linux-x86_64-fedora-clang, r-devel-linux-x86_64-fedora-gcc, r-devel-windows-x86_64, r-patched-linux-x86_64, r-release-linux-x86_64, r-release-macos-arm64, r-release-macos-x86_64, r-release-windows-x86_64, r-oldrel-macos-arm64, r-oldrel-macos-x86_64, r-oldrel-windows-x86_64

Version: 0.3
Check: Rd cross-references
Result: NOTE Undeclared package ‘tth’ in Rd xrefs Flavor: r-devel-linux-x86_64-fedora-clang