CRAN Package Check Results for Package exams.mylearn

Last updated on 2020-08-03 22:50:31 CEST.

Flavor Version Tinstall Tcheck Ttotal Status Flags
r-devel-linux-x86_64-debian-clang 1.1 2.39 25.26 27.65 OK
r-devel-linux-x86_64-debian-gcc 1.1 2.08 20.41 22.49 OK
r-devel-linux-x86_64-fedora-clang 1.1 42.48 OK
r-devel-linux-x86_64-fedora-gcc 1.1 33.31 WARN
r-devel-windows-ix86+x86_64 1.1 12.00 39.00 51.00 OK
r-patched-linux-x86_64 1.1 2.49 24.84 27.33 OK
r-patched-solaris-x86 1.1 53.40 OK
r-release-linux-x86_64 1.1 2.29 24.65 26.94 OK
r-release-macos-x86_64 1.1 OK
r-release-windows-ix86+x86_64 1.1 8.00 58.00 66.00 OK
r-oldrel-macos-x86_64 1.1 OK
r-oldrel-windows-ix86+x86_64 1.1 5.00 33.00 38.00 OK

Check Details

Version: 1.1
Check: re-building of vignette outputs
Result: WARN
    Error(s) in re-building vignettes:
    --- re-building ‘workflow.Rmd’ using rmarkdown
    Error: processing vignette 'workflow.Rmd' failed with diagnostics:
    Failed to locate ‘weave’ output file ‘workflow.pdf’ or ‘workflow.html’ for vignette with name ‘workflow’ and engine ‘knitr::rmarkdown’. The following files exist in working directory ‘/data/gannet/ripley/R/packages/tests-devel/exams.mylearn.Rcheck/vign_test/exams.mylearn/vignettes’: ‘workflow.R’ (1648 bytes), ‘workflow.Rmd’ (6423 bytes), ‘workflow.md’ (6548 bytes)
    --- failed re-building ‘workflow.Rmd’
    
    SUMMARY: processing the following file failed:
     ‘workflow.Rmd’
    
    Error: Vignette re-building failed.
    Execution halted
Flavor: r-devel-linux-x86_64-fedora-gcc