CRAN Package Check Results for Package evolvability

Last updated on 2019-04-20 15:51:58 CEST.

Flavor Version Tinstall Tcheck Ttotal Status Flags
r-devel-linux-x86_64-debian-clang 1.1.0 1.84 18.79 20.63 NOTE
r-devel-linux-x86_64-debian-gcc 1.1.0 2.19 18.42 20.61 NOTE
r-devel-linux-x86_64-fedora-clang 1.1.0 24.60 NOTE
r-devel-linux-x86_64-fedora-gcc 1.1.0 23.45 NOTE
r-devel-windows-ix86+x86_64 1.1.0 6.00 32.00 38.00 NOTE
r-patched-linux-x86_64 1.1.0 2.02 18.94 20.96 NOTE
r-patched-solaris-x86 1.1.0 37.80 NOTE
r-release-linux-x86_64 1.1.0 0.80 17.59 18.39 NOTE
r-release-windows-ix86+x86_64 1.1.0 3.00 41.00 44.00 NOTE
r-release-osx-x86_64 1.1.0 NOTE
r-oldrel-windows-ix86+x86_64 1.1.0 3.00 37.00 40.00 NOTE
r-oldrel-osx-x86_64 1.1.0 NOTE

Check Details

Version: 1.1.0
Check: R code for possible problems
Result: NOTE
    evolvabilityBetaMCMC : <anonymous>: no visible binding for global
     variable 'median'
    evolvabilityBetaMCMC: no visible binding for global variable 'median'
    evolvabilityBetaMCMC2: no visible binding for global variable 'median'
    evolvabilityMeans: no visible global function definition for 'var'
    evolvabilityMeansMCMC : <anonymous>: no visible global function
     definition for 'var'
    evolvabilityMeansMCMC: no visible binding for global variable 'median'
    randomBeta: no visible global function definition for 'rnorm'
    Undefined global functions or variables:
     median rnorm var
    Consider adding
     importFrom("stats", "median", "rnorm", "var")
    to your NAMESPACE file.
Flavors: r-devel-linux-x86_64-debian-clang, r-devel-linux-x86_64-debian-gcc, r-devel-linux-x86_64-fedora-clang, r-devel-linux-x86_64-fedora-gcc, r-devel-windows-ix86+x86_64, r-patched-linux-x86_64, r-patched-solaris-x86, r-release-linux-x86_64, r-release-windows-ix86+x86_64, r-release-osx-x86_64, r-oldrel-windows-ix86+x86_64, r-oldrel-osx-x86_64