CRAN Package Check Results for Package evolvability

Last updated on 2019-06-16 14:47:33 CEST.

Flavor Version Tinstall Tcheck Ttotal Status Flags
r-devel-linux-x86_64-debian-clang 1.1.0 1.98 18.40 20.38 NOTE
r-devel-linux-x86_64-debian-gcc 1.1.0 1.50 15.06 16.56 NOTE
r-devel-linux-x86_64-fedora-clang 1.1.0 25.15 NOTE
r-devel-linux-x86_64-fedora-gcc 1.1.0 23.64 NOTE
r-devel-windows-ix86+x86_64 1.1.0 8.00 32.00 40.00 NOTE
r-patched-linux-x86_64 1.1.0 1.87 18.63 20.50 NOTE
r-patched-solaris-x86 1.1.0 39.70 NOTE
r-release-linux-x86_64 1.1.0 1.67 18.65 20.32 NOTE
r-release-windows-ix86+x86_64 1.1.0 5.00 44.00 49.00 NOTE
r-release-osx-x86_64 1.1.0 NOTE
r-oldrel-windows-ix86+x86_64 1.1.0 3.00 40.00 43.00 NOTE
r-oldrel-osx-x86_64 1.1.0 NOTE

Check Details

Version: 1.1.0
Check: R code for possible problems
Result: NOTE
    evolvabilityBetaMCMC : <anonymous>: no visible binding for global
     variable 'median'
    evolvabilityBetaMCMC: no visible binding for global variable 'median'
    evolvabilityBetaMCMC2: no visible binding for global variable 'median'
    evolvabilityMeans: no visible global function definition for 'var'
    evolvabilityMeansMCMC : <anonymous>: no visible global function
     definition for 'var'
    evolvabilityMeansMCMC: no visible binding for global variable 'median'
    randomBeta: no visible global function definition for 'rnorm'
    Undefined global functions or variables:
     median rnorm var
    Consider adding
     importFrom("stats", "median", "rnorm", "var")
    to your NAMESPACE file.
Flavors: r-devel-linux-x86_64-debian-clang, r-devel-linux-x86_64-debian-gcc, r-devel-linux-x86_64-fedora-clang, r-devel-linux-x86_64-fedora-gcc, r-devel-windows-ix86+x86_64, r-patched-linux-x86_64, r-patched-solaris-x86, r-release-linux-x86_64, r-release-windows-ix86+x86_64, r-release-osx-x86_64, r-oldrel-windows-ix86+x86_64, r-oldrel-osx-x86_64