CRAN Package Check Results for Package evgam

Last updated on 2021-12-04 08:50:45 CET.

Flavor Version Tinstall Tcheck Ttotal Status Flags
r-devel-linux-x86_64-debian-clang 0.1.4 210.66 68.48 279.14 OK
r-devel-linux-x86_64-debian-gcc 0.1.4 154.26 53.74 208.00 OK
r-devel-linux-x86_64-fedora-clang 0.1.4 422.43 NOTE
r-devel-linux-x86_64-fedora-gcc 0.1.4 369.56 OK
r-devel-windows-x86_64-new-UL 0.1.4 268.00 129.00 397.00 OK
r-devel-windows-x86_64-new-TK 0.1.4 OK
r-devel-windows-x86_64-old 0.1.4 272.00 70.00 342.00 OK
r-patched-linux-x86_64 0.1.4 188.55 59.60 248.15 OK
r-release-linux-x86_64 0.1.4 181.93 57.85 239.78 OK
r-release-macos-arm64 0.1.4 NOTE
r-release-macos-x86_64 0.1.4 NOTE
r-release-windows-ix86+x86_64 0.1.4 531.00 118.00 649.00 OK
r-oldrel-macos-x86_64 0.1.4 NOTE
r-oldrel-windows-ix86+x86_64 0.1.4 529.00 113.00 642.00 OK

Check Details

Version: 0.1.4
Check: installed package size
Result: NOTE
     installed size is 6.4Mb
     sub-directories of 1Mb or more:
     libs 5.5Mb
Flavors: r-devel-linux-x86_64-fedora-clang, r-release-macos-arm64, r-release-macos-x86_64, r-oldrel-macos-x86_64