CRAN Package Check Results for Package eva

Last updated on 2019-04-22 21:47:18 CEST.

Flavor Version Tinstall Tcheck Ttotal Status Flags
r-devel-linux-x86_64-debian-clang 0.2.5 10.17 90.24 100.41 OK
r-devel-linux-x86_64-debian-gcc 0.2.5 9.47 69.64 79.11 OK
r-devel-linux-x86_64-fedora-clang 0.2.5 118.64 NOTE
r-devel-linux-x86_64-fedora-gcc 0.2.5 113.54 NOTE
r-devel-windows-ix86+x86_64 0.2.5 25.00 99.00 124.00 OK
r-patched-linux-x86_64 0.2.5 11.16 89.19 100.35 OK
r-patched-solaris-x86 0.2.5 171.30 NOTE
r-release-linux-x86_64 0.2.5 9.49 86.76 96.25 OK
r-release-windows-ix86+x86_64 0.2.5 12.00 130.00 142.00 OK
r-release-osx-x86_64 0.2.5 NOTE
r-oldrel-windows-ix86+x86_64 0.2.5 13.00 137.00 150.00 OK
r-oldrel-osx-x86_64 0.2.5 NOTE

Check Details

Version: 0.2.5
Check: dependencies in R code
Result: NOTE
    Namespace in Imports field not imported from: ‘EnvStats’
     All declared Imports should be used.
Flavors: r-devel-linux-x86_64-fedora-clang, r-devel-linux-x86_64-fedora-gcc, r-patched-solaris-x86, r-release-osx-x86_64, r-oldrel-osx-x86_64