CRAN Package Check Results for Package etrader

Last updated on 2022-01-27 20:49:49 CET.

Flavor Version Tinstall Tcheck Ttotal Status Flags
r-devel-linux-x86_64-debian-clang 0.1.3 2.71 33.22 35.93 NOTE
r-devel-linux-x86_64-debian-gcc 0.1.3 2.11 26.45 28.56 NOTE
r-devel-linux-x86_64-fedora-clang 0.1.3 44.61 NOTE
r-devel-linux-x86_64-fedora-gcc 0.1.3 33.78 NOTE
r-devel-windows-x86_64-new-UL 0.1.3 33.00 54.00 87.00 NOTE
r-devel-windows-x86_64-new-TK 0.1.3 NOTE
r-patched-linux-x86_64 0.1.3 3.14 32.02 35.16 NOTE
r-release-linux-x86_64 0.1.3 1.67 32.11 33.78 NOTE
r-release-macos-arm64 0.1.3 NOTE
r-release-macos-x86_64 0.1.3 NOTE
r-release-windows-ix86+x86_64 0.1.3 7.00 43.00 50.00 NOTE
r-oldrel-macos-x86_64 0.1.3 OK
r-oldrel-windows-ix86+x86_64 0.1.3 7.00 43.00 50.00 OK

Check Details

Version: 0.1.3
Check: LazyData
Result: NOTE
     'LazyData' is specified without a 'data' directory
Flavors: r-devel-linux-x86_64-debian-clang, r-devel-linux-x86_64-debian-gcc, r-devel-linux-x86_64-fedora-clang, r-devel-linux-x86_64-fedora-gcc, r-devel-windows-x86_64-new-UL, r-devel-windows-x86_64-new-TK, r-patched-linux-x86_64, r-release-linux-x86_64, r-release-macos-arm64, r-release-macos-x86_64, r-release-windows-ix86+x86_64