CRAN Package Check Results for Package ethnobotanyR

Last updated on 2020-09-22 04:49:25 CEST.

Flavor Version Tinstall Tcheck Ttotal Status Flags
r-devel-linux-x86_64-debian-clang 0.1.7 6.45 69.02 75.47 OK
r-devel-linux-x86_64-debian-gcc 0.1.7 0.50 2.20 2.70 ERROR
r-devel-linux-x86_64-fedora-clang 0.1.7 98.01 OK
r-devel-linux-x86_64-fedora-gcc 0.1.7 88.95 OK
r-devel-windows-ix86+x86_64 0.1.7 15.00 81.00 96.00 OK
r-patched-linux-x86_64 0.1.7 5.83 66.66 72.49 OK
r-patched-solaris-x86 0.1.7 126.30 OK
r-release-linux-x86_64 0.1.7 6.57 66.53 73.10 OK
r-release-macos-x86_64 0.1.7 OK
r-release-windows-ix86+x86_64 0.1.7 15.00 97.00 112.00 OK
r-oldrel-macos-x86_64 0.1.7 OK
r-oldrel-windows-ix86+x86_64 0.1.7 10.00 89.00 99.00 OK

Check Details

Version: 0.1.7
Check: whether package can be installed
Result: ERROR
    Installation failed.
Flavor: r-devel-linux-x86_64-debian-gcc