Last updated on 2023-06-09 18:51:58 CEST.
Flavor | Version | Tinstall | Tcheck | Ttotal | Status | Flags |
---|---|---|---|---|---|---|
r-devel-linux-x86_64-debian-clang | 1.2.2 | 34.54 | 104.97 | 139.51 | NOTE | |
r-devel-linux-x86_64-debian-gcc | 1.2.2 | 28.54 | 74.63 | 103.17 | NOTE | |
r-devel-linux-x86_64-fedora-clang | 1.2.2 | 190.04 | NOTE | |||
r-devel-linux-x86_64-fedora-gcc | 1.2.2 | 188.62 | NOTE | |||
r-devel-windows-x86_64 | 1.2.2 | 28.00 | 241.00 | 269.00 | NOTE | |
r-patched-linux-x86_64 | 1.2.2 | 26.78 | 108.27 | 135.05 | NOTE | |
r-release-linux-x86_64 | 1.2.2 | 29.64 | 106.86 | 136.50 | NOTE | |
r-release-macos-arm64 | 1.2.2 | 48.00 | NOTE | |||
r-release-macos-x86_64 | 1.2.2 | 87.00 | NOTE | |||
r-release-windows-x86_64 | 1.2.2 | 29.00 | 193.00 | 222.00 | NOTE | |
r-oldrel-macos-arm64 | 1.2.2 | 46.00 | NOTE | |||
r-oldrel-macos-x86_64 | 1.2.2 | 61.00 | NOTE | |||
r-oldrel-windows-x86_64 | 1.2.2 | 34.00 | 195.00 | 229.00 | NOTE |
Version: 1.2.2
Check: LazyData
Result: NOTE
'LazyData' is specified without a 'data' directory
Flavors: r-devel-linux-x86_64-debian-clang, r-devel-linux-x86_64-debian-gcc, r-devel-linux-x86_64-fedora-clang, r-devel-linux-x86_64-fedora-gcc, r-devel-windows-x86_64, r-patched-linux-x86_64, r-release-linux-x86_64, r-release-macos-arm64, r-release-macos-x86_64, r-release-windows-x86_64, r-oldrel-macos-arm64, r-oldrel-macos-x86_64, r-oldrel-windows-x86_64