CRAN Package Check Results for Package esreg

Last updated on 2021-12-04 10:52:31 CET.

Flavor Version Tinstall Tcheck Ttotal Status Flags
r-devel-linux-x86_64-debian-clang 0.5.0 57.67 50.01 107.68 NOTE
r-devel-linux-x86_64-debian-gcc 0.5.0 39.29 38.95 78.24 NOTE
r-devel-linux-x86_64-fedora-clang 0.5.0 155.82 NOTE
r-devel-linux-x86_64-fedora-gcc 0.5.0 133.49 NOTE
r-devel-windows-x86_64-new-UL 0.5.0 79.00 104.00 183.00 NOTE
r-devel-windows-x86_64-new-TK 0.5.0 NOTE
r-devel-windows-x86_64-old 0.5.0 74.00 57.00 131.00 NOTE
r-patched-linux-x86_64 0.5.0 52.41 41.09 93.50 NOTE
r-release-linux-x86_64 0.5.0 51.33 39.52 90.85 NOTE
r-release-macos-arm64 0.5.0 NOTE
r-release-macos-x86_64 0.5.0 NOTE
r-release-windows-ix86+x86_64 0.5.0 153.00 98.00 251.00 NOTE
r-oldrel-macos-x86_64 0.5.0 OK
r-oldrel-windows-ix86+x86_64 0.5.0 152.00 93.00 245.00 OK

Check Details

Version: 0.5.0
Check: LazyData
Result: NOTE
     'LazyData' is specified without a 'data' directory
Flavors: r-devel-linux-x86_64-debian-clang, r-devel-linux-x86_64-debian-gcc, r-devel-linux-x86_64-fedora-clang, r-devel-linux-x86_64-fedora-gcc, r-devel-windows-x86_64-new-UL, r-devel-windows-x86_64-new-TK, r-devel-windows-x86_64-old, r-patched-linux-x86_64, r-release-linux-x86_64, r-release-macos-arm64, r-release-macos-x86_64, r-release-windows-ix86+x86_64