Last updated on 2023-12-09 04:50:50 CET.
Flavor | Version | Tinstall | Tcheck | Ttotal | Status | Flags |
---|---|---|---|---|---|---|
r-devel-linux-x86_64-debian-clang | 1.2.1.1 | 3.21 | 28.33 | 31.54 | NOTE | |
r-devel-linux-x86_64-debian-gcc | 1.2.1.1 | 2.35 | 22.66 | 25.01 | NOTE | |
r-devel-linux-x86_64-fedora-clang | 1.2.1.1 | 39.59 | NOTE | |||
r-devel-linux-x86_64-fedora-gcc | 1.2.1.1 | 40.02 | NOTE | |||
r-devel-windows-x86_64 | 1.2.1.1 | 4.00 | 45.00 | 49.00 | NOTE | |
r-patched-linux-x86_64 | 1.2.1.1 | 3.39 | 28.67 | 32.06 | OK | |
r-release-linux-x86_64 | 1.2.1.1 | 3.23 | 28.67 | 31.90 | OK | |
r-release-macos-arm64 | 1.2.1.1 | 22.00 | OK | |||
r-release-macos-x86_64 | 1.2.1.1 | 24.00 | OK | |||
r-release-windows-x86_64 | 1.2.1.1 | 3.00 | 41.00 | 44.00 | OK | |
r-oldrel-macos-arm64 | 1.2.1.1 | 26.00 | OK | |||
r-oldrel-macos-x86_64 | 1.2.1.1 | 24.00 | OK | |||
r-oldrel-windows-x86_64 | 1.2.1.1 | 5.00 | 51.00 | 56.00 | OK |
Version: 1.2.1.1
Check: Rd metadata
Result: NOTE
Invalid package aliases in Rd file 'esaBcv_package.Rd':
‘esaBcv_package-package’
Flavors: r-devel-linux-x86_64-debian-clang, r-devel-linux-x86_64-debian-gcc, r-devel-linux-x86_64-fedora-clang, r-devel-linux-x86_64-fedora-gcc, r-devel-windows-x86_64