CRAN Package Check Results for Package es.dif

Last updated on 2022-12-09 01:50:27 CET.

Flavor Version Tinstall Tcheck Ttotal Status Flags
r-devel-linux-x86_64-debian-clang 1.0.2 2.44 24.48 26.92 NOTE
r-devel-linux-x86_64-debian-gcc 1.0.2 1.87 20.16 22.03 NOTE
r-devel-linux-x86_64-fedora-clang 1.0.2 44.10 NOTE
r-devel-linux-x86_64-fedora-gcc 1.0.2 42.28 NOTE
r-devel-windows-x86_64 1.0.2 12.00 58.00 70.00 NOTE
r-patched-linux-x86_64 1.0.2 1.64 22.90 24.54 NOTE
r-release-linux-x86_64 1.0.2 2.28 23.82 26.10 NOTE
r-release-macos-arm64 1.0.2 15.00 NOTE
r-release-macos-x86_64 1.0.2 21.00 NOTE
r-release-windows-x86_64 1.0.2 6.00 49.00 55.00 NOTE
r-oldrel-macos-arm64 1.0.2 18.00 NOTE
r-oldrel-macos-x86_64 1.0.2 27.00 NOTE
r-oldrel-windows-ix86+x86_64 1.0.2 5.00 25.00 30.00 NOTE

Check Details

Version: 1.0.2
Check: LazyData
Result: NOTE
     'LazyData' is specified without a 'data' directory
Flavors: r-devel-linux-x86_64-debian-clang, r-devel-linux-x86_64-debian-gcc, r-devel-linux-x86_64-fedora-clang, r-devel-linux-x86_64-fedora-gcc, r-devel-windows-x86_64, r-patched-linux-x86_64, r-release-linux-x86_64, r-release-macos-arm64, r-release-macos-x86_64, r-release-windows-x86_64, r-oldrel-macos-arm64, r-oldrel-macos-x86_64, r-oldrel-windows-ix86+x86_64