CRAN Package Check Results for Package errum

Last updated on 2021-12-08 09:53:28 CET.

Flavor Version Tinstall Tcheck Ttotal Status Flags
r-devel-linux-x86_64-debian-clang 0.0.3 36.05 37.00 73.05 NOTE
r-devel-linux-x86_64-debian-gcc 0.0.3 24.14 29.04 53.18 NOTE
r-devel-linux-x86_64-fedora-clang 0.0.3 106.09 NOTE
r-devel-linux-x86_64-fedora-gcc 0.0.3 88.95 NOTE
r-devel-windows-x86_64-new-UL 0.0.3 48.00 91.00 139.00 NOTE
r-devel-windows-x86_64-new-TK 0.0.3 NOTE
r-devel-windows-x86_64-old 0.0.3 46.00 62.00 108.00 NOTE
r-patched-linux-x86_64 0.0.3 33.93 35.32 69.25 NOTE
r-release-linux-x86_64 0.0.3 31.48 35.51 66.99 NOTE
r-release-macos-arm64 0.0.3 NOTE
r-release-macos-x86_64 0.0.3 NOTE
r-release-windows-ix86+x86_64 0.0.3 60.00 77.00 137.00 NOTE
r-oldrel-macos-x86_64 0.0.3 OK
r-oldrel-windows-ix86+x86_64 0.0.3 89.00 80.00 169.00 OK

Check Details

Version: 0.0.3
Check: LazyData
Result: NOTE
     'LazyData' is specified without a 'data' directory
Flavors: r-devel-linux-x86_64-debian-clang, r-devel-linux-x86_64-debian-gcc, r-devel-linux-x86_64-fedora-clang, r-devel-linux-x86_64-fedora-gcc, r-devel-windows-x86_64-new-UL, r-devel-windows-x86_64-new-TK, r-devel-windows-x86_64-old, r-patched-linux-x86_64, r-release-linux-x86_64, r-release-macos-arm64, r-release-macos-x86_64, r-release-windows-ix86+x86_64