CRAN Package Check Results for Package errorizer

Last updated on 2019-06-24 15:48:09 CEST.

Flavor Version Tinstall Tcheck Ttotal Status Flags
r-devel-linux-x86_64-debian-clang 0.2.1 1.31 17.99 19.30 NOTE
r-devel-linux-x86_64-debian-gcc 0.2.1 1.08 15.07 16.15 NOTE
r-devel-linux-x86_64-fedora-clang 0.2.1 25.02 OK
r-devel-linux-x86_64-fedora-gcc 0.2.1 23.45 OK
r-devel-windows-ix86+x86_64 0.2.1 6.00 32.00 38.00 OK
r-patched-linux-x86_64 0.2.1 1.37 18.21 19.58 OK
r-patched-solaris-x86 0.2.1 39.70 OK
r-release-linux-x86_64 0.2.1 1.43 18.21 19.64 OK
r-release-windows-ix86+x86_64 0.2.1 4.00 39.00 43.00 OK
r-release-osx-x86_64 0.2.1 OK
r-oldrel-windows-ix86+x86_64 0.2.1 2.00 28.00 30.00 OK
r-oldrel-osx-x86_64 0.2.1 OK

Check Details

Version: 0.2.1
Check: package vignettes
Result: NOTE
    Package vignette with placeholder title 'Vignette Title':
     'errorize.Rmd'
Flavors: r-devel-linux-x86_64-debian-clang, r-devel-linux-x86_64-debian-gcc