CRAN Package Check Results for Package ergmito

Last updated on 2021-11-29 21:51:38 CET.

Flavor Version Tinstall Tcheck Ttotal Status Flags
r-devel-linux-x86_64-debian-clang 0.3-0 115.00 220.75 335.75 OK
r-devel-linux-x86_64-debian-gcc 0.3-0 87.26 165.66 252.92 OK
r-devel-linux-x86_64-fedora-clang 0.3-0 447.29 NOTE
r-devel-linux-x86_64-fedora-gcc 0.3-0 420.93 OK
r-devel-windows-x86_64-new-UL 0.3-0 155.00 310.00 465.00 OK
r-devel-windows-x86_64-new-TK 0.3-0 OK
r-devel-windows-x86_64-old 0.3-0 155.00 205.00 360.00 OK
r-patched-linux-x86_64 0.3-0 110.27 210.06 320.33 OK
r-patched-solaris-x86 0.3-0 490.60 OK
r-release-linux-x86_64 0.3-0 104.34 216.71 321.05 OK
r-release-macos-arm64 0.3-0 NOTE
r-release-macos-x86_64 0.3-0 NOTE
r-release-windows-ix86+x86_64 0.3-0 253.00 324.00 577.00 OK
r-oldrel-macos-x86_64 0.3-0 NOTE
r-oldrel-windows-ix86+x86_64 0.3-0 197.00 392.00 589.00 OK

Check Details

Version: 0.3-0
Check: installed package size
Result: NOTE
     installed size is 5.1Mb
     sub-directories of 1Mb or more:
     libs 3.7Mb
Flavors: r-devel-linux-x86_64-fedora-clang, r-release-macos-arm64, r-release-macos-x86_64, r-oldrel-macos-x86_64