CRAN Package Check Results for Package ergm.rank

Last updated on 2022-08-12 21:53:01 CEST.

Flavor Version Tinstall Tcheck Ttotal Status Flags
r-devel-linux-x86_64-debian-clang 4.1.0 12.13 586.17 598.30 OK
r-devel-linux-x86_64-debian-gcc 4.1.0 11.68 419.88 431.56 OK
r-devel-linux-x86_64-fedora-clang 4.1.0 598.02 OK
r-devel-linux-x86_64-fedora-gcc 4.1.0 544.06 OK
r-devel-windows-x86_64 4.1.0 31.00 421.00 452.00 OK
r-patched-linux-x86_64 4.1.0 42.63 489.90 532.53 WARN
r-release-linux-x86_64 4.1.0 12.92 518.35 531.27 OK
r-release-macos-arm64 4.1.0 195.00 OK
r-release-macos-x86_64 4.1.0 356.00 OK
r-release-windows-x86_64 4.1.0 26.00 678.00 704.00 OK
r-oldrel-macos-arm64 4.1.0 212.00 OK
r-oldrel-macos-x86_64 4.1.0 347.00 OK
r-oldrel-windows-ix86+x86_64 4.1.0 33.00 655.00 688.00 OK

Check Details

Version: 4.1.0
Check: whether package can be installed
Result: WARN
    Found the following significant warnings:
     Rd warning: no hsearch.rds meta data for package ergm.rank
Flavor: r-patched-linux-x86_64