CRAN Package Check Results for Package ergMargins

Last updated on 2019-09-16 06:49:17 CEST.

Flavor Version Tinstall Tcheck Ttotal Status Flags
r-devel-linux-x86_64-debian-clang 0.1.0 3.86 33.21 37.07 OK
r-devel-linux-x86_64-debian-gcc 0.1.0 4.19 26.42 30.61 OK
r-devel-linux-x86_64-fedora-clang 0.1.0 45.80 NOTE
r-devel-linux-x86_64-fedora-gcc 0.1.0 44.15 NOTE
r-devel-windows-ix86+x86_64 0.1.0 17.00 45.00 62.00 OK
r-patched-linux-x86_64 0.1.0 4.74 33.62 38.36 OK
r-patched-solaris-x86 0.1.0 65.70 NOTE
r-release-linux-x86_64 0.1.0 3.56 32.90 36.46 OK
r-release-windows-ix86+x86_64 0.1.0 7.00 52.00 59.00 OK
r-release-osx-x86_64 0.1.0 NOTE
r-oldrel-windows-ix86+x86_64 0.1.0 9.00 39.00 48.00 ERROR
r-oldrel-osx-x86_64 0.1.0 NOTE

Check Details

Version: 0.1.0
Check: dependencies in R code
Result: NOTE
    Namespace in Imports field not imported from: ‘statnet’
     All declared Imports should be used.
Flavors: r-devel-linux-x86_64-fedora-clang, r-devel-linux-x86_64-fedora-gcc, r-patched-solaris-x86, r-release-osx-x86_64, r-oldrel-osx-x86_64

Version: 0.1.0
Check: examples
Result: ERROR
    Running examples in 'ergMargins-Ex.R' failed
    The error most likely occurred in:
    
    > ### Name: edge.prob2
    > ### Title: Function to compute tie probabilities for each dyad.
    > ### Aliases: edge.prob2
    > ### Keywords: ~ERGM ~tie probabilities
    >
    > ### ** Examples
    >
    > ## Don't show:
    > require(ergm)
    Loading required package: ergm
    Loading required package: network
    network: Classes for Relational Data
    Version 1.15 created on 2019-04-01.
    copyright (c) 2005, Carter T. Butts, University of California-Irvine
     Mark S. Handcock, University of California -- Los Angeles
     David R. Hunter, Penn State University
     Martina Morris, University of Washington
     Skye Bender-deMoll, University of Washington
     For citation information, type citation("network").
     Type help("network-package") to get started.
    
    Error: package or namespace load failed for 'ergm' in loadNamespace(j <- i[[1L]], c(lib.loc, .libPaths()), versionCheck = vI[[j]]):
     namespace 'Matrix' 1.2-15 is being loaded, but >= 1.2.17 is required
    >
    >
    > set.seed(21093)
    > a1<-network::as.network(matrix(c(rbinom(10, 1,.3),
    + rbinom(10, 1,.3),
    + rbinom(10, 1,.3),
    + rbinom(10, 1,.3),
    + rbinom(10, 1,.3),
    + rbinom(10, 1,.3),
    + rbinom(10, 1,.3),
    + rbinom(10, 1,.3),
    + rbinom(10, 1,.3),
    + rbinom(10, 1,.3)),
    + nrow=10,ncol=10))
    >
    > network::set.vertex.attribute(a1,"var.1",rbinom(10,1,.3))
    >
    > a<-ergm(a1~edges+nodeifactor("var.1")+nodeofactor("var.1"))
    Error in ergm(a1 ~ edges + nodeifactor("var.1") + nodeofactor("var.1")) :
     could not find function "ergm"
    Execution halted
Flavor: r-oldrel-windows-ix86+x86_64