CRAN Package Check Results for Package erboost

Last updated on 2019-02-23 18:52:37 CET.

Flavor Version Tinstall Tcheck Ttotal Status Flags
r-devel-linux-x86_64-debian-clang 1.3 11.56 24.33 35.89 OK
r-devel-linux-x86_64-debian-gcc 1.3 7.56 18.81 26.37 OK
r-devel-linux-x86_64-fedora-clang 1.3 51.90 NOTE
r-devel-linux-x86_64-fedora-gcc 1.3 41.47 NOTE
r-devel-windows-ix86+x86_64 1.3 41.00 69.00 110.00 OK
r-patched-linux-x86_64 1.3 8.82 22.07 30.89 OK
r-patched-solaris-x86 1.3 58.80 OK
r-release-linux-x86_64 1.3 10.10 22.05 32.15 OK
r-release-windows-ix86+x86_64 1.3 46.00 59.00 105.00 OK
r-release-osx-x86_64 1.3 OK
r-oldrel-windows-ix86+x86_64 1.3 30.00 64.00 94.00 OK
r-oldrel-osx-x86_64 1.3 OK

Check Details

Version: 1.3
Check: compiled code
Result: NOTE
    File ‘erboost/libs/erboost.so’:
     Found no calls to: ‘R_registerRoutines’, ‘R_useDynamicSymbols’
    
    It is good practice to register native routines and to disable symbol
    search.
    
    See ‘Writing portable packages’ in the ‘Writing R Extensions’ manual.
Flavors: r-devel-linux-x86_64-fedora-clang, r-devel-linux-x86_64-fedora-gcc