CRAN Package Check Results for Package erboost

Last updated on 2019-08-24 07:47:20 CEST.

Flavor Version Tinstall Tcheck Ttotal Status Flags
r-devel-linux-x86_64-debian-clang 1.3 12.97 23.36 36.33 OK
r-devel-linux-x86_64-debian-gcc 1.3 8.02 19.19 27.21 OK
r-devel-linux-x86_64-fedora-clang 1.3 54.29 NOTE
r-devel-linux-x86_64-fedora-gcc 1.3 42.93 NOTE
r-devel-windows-ix86+x86_64 1.3 36.00 47.00 83.00 OK
r-patched-linux-x86_64 1.3 9.64 23.19 32.83 OK
r-patched-solaris-x86 1.3 68.50 OK
r-release-linux-x86_64 1.3 9.74 23.40 33.14 OK
r-release-windows-ix86+x86_64 1.3 49.00 70.00 119.00 OK
r-release-osx-x86_64 1.3 OK
r-oldrel-windows-ix86+x86_64 1.3 48.00 70.00 118.00 OK
r-oldrel-osx-x86_64 1.3 OK

Check Details

Version: 1.3
Check: compiled code
Result: NOTE
    File ‘erboost/libs/erboost.so’:
     Found no calls to: ‘R_registerRoutines’, ‘R_useDynamicSymbols’
    
    It is good practice to register native routines and to disable symbol
    search.
    
    See ‘Writing portable packages’ in the ‘Writing R Extensions’ manual.
Flavors: r-devel-linux-x86_64-fedora-clang, r-devel-linux-x86_64-fedora-gcc