CRAN Package Check Results for Package erboost

Last updated on 2019-04-25 16:51:41 CEST.

Flavor Version Tinstall Tcheck Ttotal Status Flags
r-devel-linux-x86_64-debian-clang 1.3 12.22 23.32 35.54 OK
r-devel-linux-x86_64-debian-gcc 1.3 7.98 18.92 26.90 OK
r-devel-linux-x86_64-fedora-clang 1.3 50.32 NOTE
r-devel-linux-x86_64-fedora-gcc 1.3 40.15 NOTE
r-devel-windows-ix86+x86_64 1.3 54.00 73.00 127.00 OK
r-patched-linux-x86_64 1.3 10.06 23.37 33.43 OK
r-patched-solaris-x86 1.3 66.80 OK
r-release-linux-x86_64 1.3 8.70 22.24 30.94 OK
r-release-windows-ix86+x86_64 1.3 30.00 74.00 104.00 OK
r-release-osx-x86_64 1.3 OK
r-oldrel-windows-ix86+x86_64 1.3 32.00 85.00 117.00 OK
r-oldrel-osx-x86_64 1.3 OK

Check Details

Version: 1.3
Check: compiled code
Result: NOTE
    File ‘erboost/libs/erboost.so’:
     Found no calls to: ‘R_registerRoutines’, ‘R_useDynamicSymbols’
    
    It is good practice to register native routines and to disable symbol
    search.
    
    See ‘Writing portable packages’ in the ‘Writing R Extensions’ manual.
Flavors: r-devel-linux-x86_64-fedora-clang, r-devel-linux-x86_64-fedora-gcc