CRAN Package Check Results for Package eratosthenes

Last updated on 2025-01-21 22:51:01 CET.

Flavor Version Tinstall Tcheck Ttotal Status Flags
r-devel-linux-x86_64-debian-clang 0.0.2 11.96 34.22 46.18 OK
r-devel-linux-x86_64-debian-gcc 0.0.2 8.66 26.51 35.17 OK
r-devel-linux-x86_64-fedora-clang 0.0.2 82.32 NOTE
r-devel-linux-x86_64-fedora-gcc 0.0.2 94.50 NOTE
r-devel-windows-x86_64 0.0.2 15.00 70.00 85.00 OK
r-patched-linux-x86_64 0.0.2 12.72 32.43 45.15 OK
r-release-linux-x86_64 0.0.2 12.12 32.62 44.74 OK
r-release-macos-arm64 0.0.2 38.00 OK
r-release-macos-x86_64 0.0.2 55.00 OK
r-release-windows-x86_64 0.0.2 15.00 70.00 85.00 OK
r-oldrel-macos-arm64 0.0.2 39.00 OK
r-oldrel-macos-x86_64 0.0.2 69.00 OK
r-oldrel-windows-x86_64 0.0.2 17.00 77.00 94.00 OK

Check Details

Version: 0.0.2
Check: dependencies in R code
Result: NOTE Namespace in Imports field not imported from: ‘Rdpack’ All declared Imports should be used. Flavors: r-devel-linux-x86_64-fedora-clang, r-devel-linux-x86_64-fedora-gcc