Last updated on 2023-03-26 12:55:10 CEST.
Flavor | Version | Tinstall | Tcheck | Ttotal | Status | Flags |
---|---|---|---|---|---|---|
r-devel-linux-x86_64-debian-clang | 1.1.2 | 16.72 | 127.00 | 143.72 | OK | |
r-devel-linux-x86_64-debian-gcc | 1.1.2 | 13.72 | 97.13 | 110.85 | OK | |
r-devel-linux-x86_64-fedora-gcc | 1.1.2 | 184.80 | OK | |||
r-patched-linux-x86_64 | 1.1.2 | 18.32 | 122.15 | 140.47 | OK | |
r-release-linux-x86_64 | 1.1.2 | 18.09 | 117.14 | 135.23 | OK | |
r-release-macos-arm64 | 1.1.2 | 65.00 | NOTE | |||
r-release-macos-x86_64 | 1.1.2 | 68.00 | OK | |||
r-release-windows-x86_64 | 1.1.2 | 42.00 | 165.00 | 207.00 | OK | |
r-oldrel-macos-arm64 | 1.1.2 | 54.00 | NOTE | |||
r-oldrel-macos-x86_64 | 1.1.2 | 76.00 | OK | |||
r-oldrel-windows-ix86+x86_64 | 1.1.2 | 38.00 | 169.00 | 207.00 | OK |
Version: 1.1.2
Check: package dependencies
Result: NOTE
Package suggested but not available for checking: ‘mzR’
Flavors: r-release-macos-arm64, r-oldrel-macos-arm64